{"id":1117,"date":"2025-03-25T13:49:11","date_gmt":"2025-03-25T13:49:11","guid":{"rendered":"https:\/\/zan-bb.de\/?page_id=1117"},"modified":"2025-04-02T10:58:31","modified_gmt":"2025-04-02T10:58:31","slug":"weinberg-klein-kreuz","status":"publish","type":"page","link":"https:\/\/zan-bb.de\/?page_id=1117","title":{"rendered":"Weinberg Klein Kreuz                                                                                           (LRT au\u00dferhalb FFH-Gebietsgrenzen)"},"content":{"rendered":"\n<p><strong>Landkreis:<\/strong> Brandenburg an der Havel<br><strong>Gebietsgr\u00f6\u00dfe:<\/strong>  18 ha<\/p>\n\n\n\n<p class=\"has-medium-font-size\"><strong>Gebietscharakteristik<\/strong><\/p>\n\n\n\n<p>Das 18 ha gro\u00dfe Projektgebiet \u201eWeinberg Klein Kreutz\u201c liegt im Westen von Brandenburg an der Havel. Es geh\u00f6rt zur Kette eiszeitlicher H\u00fcgel der Brandenburg-Potsdamer Havel-Niederung und bildet mit der Hohen Warte (62,8 m NHN) die westlichste Erhebung dieser Formation.<\/p>\n\n\n\n<p>Durch seine nach S\u00fcden ausgerichtete Lage, schnell erw\u00e4rmende B\u00f6den und das trockene Klima war der Weinberg ideal f\u00fcr den Weinanbau, der hier seit dem 16. Jahrhundert \u00fcber drei Jahrhunderte betrieben wurde. Ende des 19. Jahrhunderts wurde er zu einem Obstanbaugebiet umgewandelt. Heute bietet der Weinberg aufgrund seiner Morphologie und Lage einen wertvollen Lebensraum f\u00fcr w\u00e4rme- und lichtliebende Pflanzen- und Tierarten.<\/p>\n\n\n\n<div class=\"wp-block-columns is-layout-flex wp-container-core-columns-layout-1 wp-block-columns-is-layout-flex\">\n<div class=\"wp-block-column is-layout-flow wp-block-column-is-layout-flow\">\n<p><strong>Ziel-LRT (Anhang I FFH-RL):<\/strong><\/p>\n<\/div>\n\n\n\n<div class=\"wp-block-column is-layout-flow wp-block-column-is-layout-flow\">\n<p>6120 Trockene, kalkreiche Sandrasen<\/p>\n<\/div>\n<\/div>\n\n\n\n<div class=\"wp-block-columns is-layout-flex wp-container-core-columns-layout-2 wp-block-columns-is-layout-flex\">\n<div class=\"wp-block-column is-layout-flow wp-block-column-is-layout-flow\">\n<p><a href=\"https:\/\/zan-bb.de\/?page_id=1115\">Vorheriges Gebiet<\/a><\/p>\n<\/div>\n\n\n\n<div class=\"wp-block-column is-layout-flow wp-block-column-is-layout-flow\">\n<p><a href=\"https:\/\/zan-bb.de\/?page_id=1119\">N\u00e4chstes Gebiet<\/a><\/p>\n<\/div>\n<\/div>\n","protected":false},"excerpt":{"rendered":"<p>Landkreis: Brandenburg an der HavelGebietsgr\u00f6\u00dfe: 18 ha Gebietscharakteristik Das 18 ha gro\u00dfe Projektgebiet \u201eWeinberg Klein Kreutz\u201c liegt im Westen von Brandenburg an der Havel. Es geh\u00f6rt zur Kette eiszeitlicher H\u00fcgel der Brandenburg-Potsdamer Havel-Niederung und bildet mit der Hohen Warte (62,8 m NHN) die westlichste Erhebung dieser Formation. Durch seine nach S\u00fcden ausgerichtete Lage, schnell erw\u00e4rmende &hellip; <\/p>\n<p class=\"link-more\"><a href=\"https:\/\/zan-bb.de\/?page_id=1117\" class=\"more-link\"><span class=\"screen-reader-text\">\u201eWeinberg Klein Kreuz                                                                                           (LRT au\u00dferhalb FFH-Gebietsgrenzen)\u201c<\/span> weiterlesen<\/a><\/p>\n","protected":false},"author":2,"featured_media":0,"parent":0,"menu_order":0,"comment_status":"closed","ping_status":"closed","template":"","meta":{"footnotes":""},"yoast_head":"<!-- This site is optimized with the Yoast SEO plugin v21.9.1 - https:\/\/yoast.com\/wordpress\/plugins\/seo\/ -->\n<title>Weinberg Klein Kreuz                                              (LRT au\u00dferhalb FFH-Gebietsgrenzen) - ZAN-bb<\/title>\n<meta name=\"robots\" content=\"index, follow, max-snippet:-1, max-image-preview:large, max-video-preview:-1\" \/>\n<link rel=\"canonical\" href=\"https:\/\/zan-bb.de\/?page_id=1117\" \/>\n<meta property=\"og:locale\" content=\"de_DE\" \/>\n<meta property=\"og:type\" content=\"article\" \/>\n<meta property=\"og:title\" content=\"Weinberg Klein Kreuz                                              (LRT au\u00dferhalb FFH-Gebietsgrenzen) - ZAN-bb\" \/>\n<meta property=\"og:description\" content=\"Landkreis: Brandenburg an der HavelGebietsgr\u00f6\u00dfe: 18 ha Gebietscharakteristik Das 18 ha gro\u00dfe Projektgebiet \u201eWeinberg Klein Kreutz\u201c liegt im Westen von Brandenburg an der Havel. Es geh\u00f6rt zur Kette eiszeitlicher H\u00fcgel der Brandenburg-Potsdamer Havel-Niederung und bildet mit der Hohen Warte (62,8 m NHN) die westlichste Erhebung dieser Formation. Durch seine nach S\u00fcden ausgerichtete Lage, schnell erw\u00e4rmende &hellip; \u201eWeinberg Klein Kreuz                                              (LRT au\u00dferhalb FFH-Gebietsgrenzen)\u201c weiterlesen\" \/>\n<meta property=\"og:url\" content=\"https:\/\/zan-bb.de\/?page_id=1117\" \/>\n<meta property=\"og:site_name\" content=\"ZAN-bb\" \/>\n<meta property=\"article:modified_time\" content=\"2025-04-02T10:58:31+00:00\" \/>\n<meta name=\"twitter:card\" content=\"summary_large_image\" \/>\n<meta name=\"twitter:label1\" content=\"Gesch\u00e4tzte Lesezeit\" \/>\n\t<meta name=\"twitter:data1\" content=\"1\u00a0Minute\" \/>\n<script type=\"application\/ld+json\" class=\"yoast-schema-graph\">{\"@context\":\"https:\/\/schema.org\",\"@graph\":[{\"@type\":\"WebPage\",\"@id\":\"https:\/\/zan-bb.de\/?page_id=1117\",\"url\":\"https:\/\/zan-bb.de\/?page_id=1117\",\"name\":\"Weinberg Klein Kreuz (LRT au\u00dferhalb FFH-Gebietsgrenzen) - ZAN-bb\",\"isPartOf\":{\"@id\":\"https:\/\/zan-bb.de\/#website\"},\"datePublished\":\"2025-03-25T13:49:11+00:00\",\"dateModified\":\"2025-04-02T10:58:31+00:00\",\"breadcrumb\":{\"@id\":\"https:\/\/zan-bb.de\/?page_id=1117#breadcrumb\"},\"inLanguage\":\"de\",\"potentialAction\":[{\"@type\":\"ReadAction\",\"target\":[\"https:\/\/zan-bb.de\/?page_id=1117\"]}]},{\"@type\":\"BreadcrumbList\",\"@id\":\"https:\/\/zan-bb.de\/?page_id=1117#breadcrumb\",\"itemListElement\":[{\"@type\":\"ListItem\",\"position\":1,\"name\":\"Startseite\",\"item\":\"https:\/\/zan-bb.de\/\"},{\"@type\":\"ListItem\",\"position\":2,\"name\":\"Weinberg Klein Kreuz (LRT au\u00dferhalb FFH-Gebietsgrenzen)\"}]},{\"@type\":\"WebSite\",\"@id\":\"https:\/\/zan-bb.de\/#website\",\"url\":\"https:\/\/zan-bb.de\/\",\"name\":\"ZAN-bb\",\"description\":\"Zentrum angewandter Naturschutz in Brandenburg gGmbH\",\"publisher\":{\"@id\":\"https:\/\/zan-bb.de\/#organization\"},\"potentialAction\":[{\"@type\":\"SearchAction\",\"target\":{\"@type\":\"EntryPoint\",\"urlTemplate\":\"https:\/\/zan-bb.de\/?s={search_term_string}\"},\"query-input\":\"required name=search_term_string\"}],\"inLanguage\":\"de\"},{\"@type\":\"Organization\",\"@id\":\"https:\/\/zan-bb.de\/#organization\",\"name\":\"ZAN-bb\",\"url\":\"https:\/\/zan-bb.de\/\",\"logo\":{\"@type\":\"ImageObject\",\"inLanguage\":\"de\",\"@id\":\"https:\/\/zan-bb.de\/#\/schema\/logo\/image\/\",\"url\":\"https:\/\/zan-bb.de\/wp-content\/uploads\/2020\/05\/cropped-ZAN-logo-trans.png\",\"contentUrl\":\"https:\/\/zan-bb.de\/wp-content\/uploads\/2020\/05\/cropped-ZAN-logo-trans.png\",\"width\":250,\"height\":250,\"caption\":\"ZAN-bb\"},\"image\":{\"@id\":\"https:\/\/zan-bb.de\/#\/schema\/logo\/image\/\"}}]}<\/script>\n<!-- \/ Yoast SEO plugin. -->","yoast_head_json":{"title":"Weinberg Klein Kreuz                                              (LRT au\u00dferhalb FFH-Gebietsgrenzen) - ZAN-bb","robots":{"index":"index","follow":"follow","max-snippet":"max-snippet:-1","max-image-preview":"max-image-preview:large","max-video-preview":"max-video-preview:-1"},"canonical":"https:\/\/zan-bb.de\/?page_id=1117","og_locale":"de_DE","og_type":"article","og_title":"Weinberg Klein Kreuz                                              (LRT au\u00dferhalb FFH-Gebietsgrenzen) - ZAN-bb","og_description":"Landkreis: Brandenburg an der HavelGebietsgr\u00f6\u00dfe: 18 ha Gebietscharakteristik Das 18 ha gro\u00dfe Projektgebiet \u201eWeinberg Klein Kreutz\u201c liegt im Westen von Brandenburg an der Havel. Es geh\u00f6rt zur Kette eiszeitlicher H\u00fcgel der Brandenburg-Potsdamer Havel-Niederung und bildet mit der Hohen Warte (62,8 m NHN) die westlichste Erhebung dieser Formation. Durch seine nach S\u00fcden ausgerichtete Lage, schnell erw\u00e4rmende &hellip; \u201eWeinberg Klein Kreuz                                              (LRT au\u00dferhalb FFH-Gebietsgrenzen)\u201c weiterlesen","og_url":"https:\/\/zan-bb.de\/?page_id=1117","og_site_name":"ZAN-bb","article_modified_time":"2025-04-02T10:58:31+00:00","twitter_card":"summary_large_image","twitter_misc":{"Gesch\u00e4tzte Lesezeit":"1\u00a0Minute"},"schema":{"@context":"https:\/\/schema.org","@graph":[{"@type":"WebPage","@id":"https:\/\/zan-bb.de\/?page_id=1117","url":"https:\/\/zan-bb.de\/?page_id=1117","name":"Weinberg Klein Kreuz (LRT au\u00dferhalb FFH-Gebietsgrenzen) - ZAN-bb","isPartOf":{"@id":"https:\/\/zan-bb.de\/#website"},"datePublished":"2025-03-25T13:49:11+00:00","dateModified":"2025-04-02T10:58:31+00:00","breadcrumb":{"@id":"https:\/\/zan-bb.de\/?page_id=1117#breadcrumb"},"inLanguage":"de","potentialAction":[{"@type":"ReadAction","target":["https:\/\/zan-bb.de\/?page_id=1117"]}]},{"@type":"BreadcrumbList","@id":"https:\/\/zan-bb.de\/?page_id=1117#breadcrumb","itemListElement":[{"@type":"ListItem","position":1,"name":"Startseite","item":"https:\/\/zan-bb.de\/"},{"@type":"ListItem","position":2,"name":"Weinberg Klein Kreuz (LRT au\u00dferhalb FFH-Gebietsgrenzen)"}]},{"@type":"WebSite","@id":"https:\/\/zan-bb.de\/#website","url":"https:\/\/zan-bb.de\/","name":"ZAN-bb","description":"Zentrum angewandter Naturschutz in Brandenburg gGmbH","publisher":{"@id":"https:\/\/zan-bb.de\/#organization"},"potentialAction":[{"@type":"SearchAction","target":{"@type":"EntryPoint","urlTemplate":"https:\/\/zan-bb.de\/?s={search_term_string}"},"query-input":"required name=search_term_string"}],"inLanguage":"de"},{"@type":"Organization","@id":"https:\/\/zan-bb.de\/#organization","name":"ZAN-bb","url":"https:\/\/zan-bb.de\/","logo":{"@type":"ImageObject","inLanguage":"de","@id":"https:\/\/zan-bb.de\/#\/schema\/logo\/image\/","url":"https:\/\/zan-bb.de\/wp-content\/uploads\/2020\/05\/cropped-ZAN-logo-trans.png","contentUrl":"https:\/\/zan-bb.de\/wp-content\/uploads\/2020\/05\/cropped-ZAN-logo-trans.png","width":250,"height":250,"caption":"ZAN-bb"},"image":{"@id":"https:\/\/zan-bb.de\/#\/schema\/logo\/image\/"}}]}},"_links":{"self":[{"href":"https:\/\/zan-bb.de\/index.php?rest_route=\/wp\/v2\/pages\/1117"}],"collection":[{"href":"https:\/\/zan-bb.de\/index.php?rest_route=\/wp\/v2\/pages"}],"about":[{"href":"https:\/\/zan-bb.de\/index.php?rest_route=\/wp\/v2\/types\/page"}],"author":[{"embeddable":true,"href":"https:\/\/zan-bb.de\/index.php?rest_route=\/wp\/v2\/users\/2"}],"replies":[{"embeddable":true,"href":"https:\/\/zan-bb.de\/index.php?rest_route=%2Fwp%2Fv2%2Fcomments&post=1117"}],"version-history":[{"count":6,"href":"https:\/\/zan-bb.de\/index.php?rest_route=\/wp\/v2\/pages\/1117\/revisions"}],"predecessor-version":[{"id":1442,"href":"https:\/\/zan-bb.de\/index.php?rest_route=\/wp\/v2\/pages\/1117\/revisions\/1442"}],"wp:attachment":[{"href":"https:\/\/zan-bb.de\/index.php?rest_route=%2Fwp%2Fv2%2Fmedia&parent=1117"}],"curies":[{"name":"wp","href":"https:\/\/api.w.org\/{rel}","templated":true}]}}