{"id":1133,"date":"2025-03-25T14:17:19","date_gmt":"2025-03-25T14:17:19","guid":{"rendered":"https:\/\/zan-bb.de\/?page_id=1133"},"modified":"2025-04-02T10:28:59","modified_gmt":"2025-04-02T10:28:59","slug":"buckow-waldsieversdorfer-niederungslandschaften","status":"publish","type":"page","link":"https:\/\/zan-bb.de\/?page_id=1133","title":{"rendered":"Buckow &#8211; Waldsieversdorfer Niederungslandschaften"},"content":{"rendered":"\n<p><strong>EU-Nr.: <\/strong>DE 3450-308<br><strong>Landesnr.: <\/strong>328<br><strong>Landkreis:<\/strong> M\u00e4rkisch-Oderland<br><strong>Gebietsgr\u00f6\u00dfe:<\/strong> 143 ha<\/p>\n\n\n\n<p class=\"has-medium-font-size\"><strong>Gebietscharakteristik<\/strong><\/p>\n\n\n\n<p>Das FFH-Gebiet \u201eBuckow \u2013 Waldsieversdorfer Niederungslandschaft\u201c liegt im Zentrum des Naturparks \u201eM\u00e4rkische Schweiz\u201c im Landkreis M\u00e4rkisch-Oderland. Es umfasst Teile von Buckow und Waldsieversdorf und erstreckt sich entlang des St\u00f6bbers vom alten Wasserwerk bis zum Buckowsee. Zum Gebiet geh\u00f6ren u.\u202fa. der Abendrothsee, der Galgenberg und das Naturschutzgebiet Gartzsee.<\/p>\n\n\n\n<p>Es befindet sich in einer glazialen Schmelzwasserrinne und ist gepr\u00e4gt von ausgedehnten Feuchtw\u00e4ldern entlang des St\u00f6bbers sowie einem Mosaik aus Feuchtwiesen, Staudenfluren, Kiefernforsten und dem Gartzsee als Verlandungsmoor. Seit Mai 2017 ist das Gebiet als besonderes Erhaltungsgebiet (BEG) national gesch\u00fctzt.<\/p>\n\n\n\n<div class=\"wp-block-columns is-layout-flex wp-container-core-columns-layout-1 wp-block-columns-is-layout-flex\">\n<div class=\"wp-block-column is-layout-flow wp-block-column-is-layout-flow\">\n<p><strong>Ziel-LRT (Anhang I FFH-RL):<\/strong><\/p>\n<\/div>\n\n\n\n<div class=\"wp-block-column is-layout-flow wp-block-column-is-layout-flow\">\n<p>3150 Nat\u00fcrliche eutrophe Seen mit einer Vegetation vom Typ <em>Magnopotamion <\/em>oder <em>Hydrocharition<\/em><br><br>3260 Flie\u00dfgew\u00e4sser der planaren bis montanen Stufe mit Vegetation des <em>Ranunculion fluitantis<\/em><\/p>\n<\/div>\n<\/div>\n\n\n\n<div class=\"wp-block-columns is-layout-flex wp-container-core-columns-layout-2 wp-block-columns-is-layout-flex\">\n<div class=\"wp-block-column is-layout-flow wp-block-column-is-layout-flow\">\n<p><a href=\"https:\/\/zan-bb.de\/?page_id=1131\">Vorheriges Gebiet<\/a><\/p>\n<\/div>\n\n\n\n<div class=\"wp-block-column is-layout-flow wp-block-column-is-layout-flow\">\n<p><a href=\"https:\/\/zan-bb.de\/?page_id=1135\">N\u00e4chstes Gebiet<\/a><\/p>\n<\/div>\n<\/div>\n","protected":false},"excerpt":{"rendered":"<p>EU-Nr.: DE 3450-308Landesnr.: 328Landkreis: M\u00e4rkisch-OderlandGebietsgr\u00f6\u00dfe: 143 ha Gebietscharakteristik Das FFH-Gebiet \u201eBuckow \u2013 Waldsieversdorfer Niederungslandschaft\u201c liegt im Zentrum des Naturparks \u201eM\u00e4rkische Schweiz\u201c im Landkreis M\u00e4rkisch-Oderland. Es umfasst Teile von Buckow und Waldsieversdorf und erstreckt sich entlang des St\u00f6bbers vom alten Wasserwerk bis zum Buckowsee. Zum Gebiet geh\u00f6ren u.\u202fa. der Abendrothsee, der Galgenberg und das Naturschutzgebiet Gartzsee. &hellip; <\/p>\n<p class=\"link-more\"><a href=\"https:\/\/zan-bb.de\/?page_id=1133\" class=\"more-link\"><span class=\"screen-reader-text\">\u201eBuckow &#8211; Waldsieversdorfer Niederungslandschaften\u201c<\/span> weiterlesen<\/a><\/p>\n","protected":false},"author":2,"featured_media":0,"parent":0,"menu_order":0,"comment_status":"closed","ping_status":"closed","template":"","meta":{"footnotes":""},"yoast_head":"<!-- This site is optimized with the Yoast SEO plugin v21.9.1 - https:\/\/yoast.com\/wordpress\/plugins\/seo\/ -->\n<title>Buckow - Waldsieversdorfer Niederungslandschaften - ZAN-bb<\/title>\n<meta name=\"robots\" content=\"index, follow, max-snippet:-1, max-image-preview:large, max-video-preview:-1\" \/>\n<link rel=\"canonical\" href=\"https:\/\/zan-bb.de\/?page_id=1133\" \/>\n<meta property=\"og:locale\" content=\"de_DE\" \/>\n<meta property=\"og:type\" content=\"article\" \/>\n<meta property=\"og:title\" content=\"Buckow - Waldsieversdorfer Niederungslandschaften - ZAN-bb\" \/>\n<meta property=\"og:description\" content=\"EU-Nr.: DE 3450-308Landesnr.: 328Landkreis: M\u00e4rkisch-OderlandGebietsgr\u00f6\u00dfe: 143 ha Gebietscharakteristik Das FFH-Gebiet \u201eBuckow \u2013 Waldsieversdorfer Niederungslandschaft\u201c liegt im Zentrum des Naturparks \u201eM\u00e4rkische Schweiz\u201c im Landkreis M\u00e4rkisch-Oderland. Es umfasst Teile von Buckow und Waldsieversdorf und erstreckt sich entlang des St\u00f6bbers vom alten Wasserwerk bis zum Buckowsee. Zum Gebiet geh\u00f6ren u.\u202fa. der Abendrothsee, der Galgenberg und das Naturschutzgebiet Gartzsee. &hellip; \u201eBuckow &#8211; Waldsieversdorfer Niederungslandschaften\u201c weiterlesen\" \/>\n<meta property=\"og:url\" content=\"https:\/\/zan-bb.de\/?page_id=1133\" \/>\n<meta property=\"og:site_name\" content=\"ZAN-bb\" \/>\n<meta property=\"article:modified_time\" content=\"2025-04-02T10:28:59+00:00\" \/>\n<meta name=\"twitter:card\" content=\"summary_large_image\" \/>\n<meta name=\"twitter:label1\" content=\"Gesch\u00e4tzte Lesezeit\" \/>\n\t<meta name=\"twitter:data1\" content=\"1\u00a0Minute\" \/>\n<script type=\"application\/ld+json\" class=\"yoast-schema-graph\">{\"@context\":\"https:\/\/schema.org\",\"@graph\":[{\"@type\":\"WebPage\",\"@id\":\"https:\/\/zan-bb.de\/?page_id=1133\",\"url\":\"https:\/\/zan-bb.de\/?page_id=1133\",\"name\":\"Buckow - Waldsieversdorfer Niederungslandschaften - ZAN-bb\",\"isPartOf\":{\"@id\":\"https:\/\/zan-bb.de\/#website\"},\"datePublished\":\"2025-03-25T14:17:19+00:00\",\"dateModified\":\"2025-04-02T10:28:59+00:00\",\"breadcrumb\":{\"@id\":\"https:\/\/zan-bb.de\/?page_id=1133#breadcrumb\"},\"inLanguage\":\"de\",\"potentialAction\":[{\"@type\":\"ReadAction\",\"target\":[\"https:\/\/zan-bb.de\/?page_id=1133\"]}]},{\"@type\":\"BreadcrumbList\",\"@id\":\"https:\/\/zan-bb.de\/?page_id=1133#breadcrumb\",\"itemListElement\":[{\"@type\":\"ListItem\",\"position\":1,\"name\":\"Startseite\",\"item\":\"https:\/\/zan-bb.de\/\"},{\"@type\":\"ListItem\",\"position\":2,\"name\":\"Buckow &#8211; Waldsieversdorfer Niederungslandschaften\"}]},{\"@type\":\"WebSite\",\"@id\":\"https:\/\/zan-bb.de\/#website\",\"url\":\"https:\/\/zan-bb.de\/\",\"name\":\"ZAN-bb\",\"description\":\"Zentrum angewandter Naturschutz in Brandenburg gGmbH\",\"publisher\":{\"@id\":\"https:\/\/zan-bb.de\/#organization\"},\"potentialAction\":[{\"@type\":\"SearchAction\",\"target\":{\"@type\":\"EntryPoint\",\"urlTemplate\":\"https:\/\/zan-bb.de\/?s={search_term_string}\"},\"query-input\":\"required name=search_term_string\"}],\"inLanguage\":\"de\"},{\"@type\":\"Organization\",\"@id\":\"https:\/\/zan-bb.de\/#organization\",\"name\":\"ZAN-bb\",\"url\":\"https:\/\/zan-bb.de\/\",\"logo\":{\"@type\":\"ImageObject\",\"inLanguage\":\"de\",\"@id\":\"https:\/\/zan-bb.de\/#\/schema\/logo\/image\/\",\"url\":\"https:\/\/zan-bb.de\/wp-content\/uploads\/2020\/05\/cropped-ZAN-logo-trans.png\",\"contentUrl\":\"https:\/\/zan-bb.de\/wp-content\/uploads\/2020\/05\/cropped-ZAN-logo-trans.png\",\"width\":250,\"height\":250,\"caption\":\"ZAN-bb\"},\"image\":{\"@id\":\"https:\/\/zan-bb.de\/#\/schema\/logo\/image\/\"}}]}<\/script>\n<!-- \/ Yoast SEO plugin. -->","yoast_head_json":{"title":"Buckow - Waldsieversdorfer Niederungslandschaften - ZAN-bb","robots":{"index":"index","follow":"follow","max-snippet":"max-snippet:-1","max-image-preview":"max-image-preview:large","max-video-preview":"max-video-preview:-1"},"canonical":"https:\/\/zan-bb.de\/?page_id=1133","og_locale":"de_DE","og_type":"article","og_title":"Buckow - Waldsieversdorfer Niederungslandschaften - ZAN-bb","og_description":"EU-Nr.: DE 3450-308Landesnr.: 328Landkreis: M\u00e4rkisch-OderlandGebietsgr\u00f6\u00dfe: 143 ha Gebietscharakteristik Das FFH-Gebiet \u201eBuckow \u2013 Waldsieversdorfer Niederungslandschaft\u201c liegt im Zentrum des Naturparks \u201eM\u00e4rkische Schweiz\u201c im Landkreis M\u00e4rkisch-Oderland. Es umfasst Teile von Buckow und Waldsieversdorf und erstreckt sich entlang des St\u00f6bbers vom alten Wasserwerk bis zum Buckowsee. Zum Gebiet geh\u00f6ren u.\u202fa. der Abendrothsee, der Galgenberg und das Naturschutzgebiet Gartzsee. &hellip; \u201eBuckow &#8211; Waldsieversdorfer Niederungslandschaften\u201c weiterlesen","og_url":"https:\/\/zan-bb.de\/?page_id=1133","og_site_name":"ZAN-bb","article_modified_time":"2025-04-02T10:28:59+00:00","twitter_card":"summary_large_image","twitter_misc":{"Gesch\u00e4tzte Lesezeit":"1\u00a0Minute"},"schema":{"@context":"https:\/\/schema.org","@graph":[{"@type":"WebPage","@id":"https:\/\/zan-bb.de\/?page_id=1133","url":"https:\/\/zan-bb.de\/?page_id=1133","name":"Buckow - Waldsieversdorfer Niederungslandschaften - ZAN-bb","isPartOf":{"@id":"https:\/\/zan-bb.de\/#website"},"datePublished":"2025-03-25T14:17:19+00:00","dateModified":"2025-04-02T10:28:59+00:00","breadcrumb":{"@id":"https:\/\/zan-bb.de\/?page_id=1133#breadcrumb"},"inLanguage":"de","potentialAction":[{"@type":"ReadAction","target":["https:\/\/zan-bb.de\/?page_id=1133"]}]},{"@type":"BreadcrumbList","@id":"https:\/\/zan-bb.de\/?page_id=1133#breadcrumb","itemListElement":[{"@type":"ListItem","position":1,"name":"Startseite","item":"https:\/\/zan-bb.de\/"},{"@type":"ListItem","position":2,"name":"Buckow &#8211; Waldsieversdorfer Niederungslandschaften"}]},{"@type":"WebSite","@id":"https:\/\/zan-bb.de\/#website","url":"https:\/\/zan-bb.de\/","name":"ZAN-bb","description":"Zentrum angewandter Naturschutz in Brandenburg gGmbH","publisher":{"@id":"https:\/\/zan-bb.de\/#organization"},"potentialAction":[{"@type":"SearchAction","target":{"@type":"EntryPoint","urlTemplate":"https:\/\/zan-bb.de\/?s={search_term_string}"},"query-input":"required name=search_term_string"}],"inLanguage":"de"},{"@type":"Organization","@id":"https:\/\/zan-bb.de\/#organization","name":"ZAN-bb","url":"https:\/\/zan-bb.de\/","logo":{"@type":"ImageObject","inLanguage":"de","@id":"https:\/\/zan-bb.de\/#\/schema\/logo\/image\/","url":"https:\/\/zan-bb.de\/wp-content\/uploads\/2020\/05\/cropped-ZAN-logo-trans.png","contentUrl":"https:\/\/zan-bb.de\/wp-content\/uploads\/2020\/05\/cropped-ZAN-logo-trans.png","width":250,"height":250,"caption":"ZAN-bb"},"image":{"@id":"https:\/\/zan-bb.de\/#\/schema\/logo\/image\/"}}]}},"_links":{"self":[{"href":"https:\/\/zan-bb.de\/index.php?rest_route=\/wp\/v2\/pages\/1133"}],"collection":[{"href":"https:\/\/zan-bb.de\/index.php?rest_route=\/wp\/v2\/pages"}],"about":[{"href":"https:\/\/zan-bb.de\/index.php?rest_route=\/wp\/v2\/types\/page"}],"author":[{"embeddable":true,"href":"https:\/\/zan-bb.de\/index.php?rest_route=\/wp\/v2\/users\/2"}],"replies":[{"embeddable":true,"href":"https:\/\/zan-bb.de\/index.php?rest_route=%2Fwp%2Fv2%2Fcomments&post=1133"}],"version-history":[{"count":8,"href":"https:\/\/zan-bb.de\/index.php?rest_route=\/wp\/v2\/pages\/1133\/revisions"}],"predecessor-version":[{"id":1406,"href":"https:\/\/zan-bb.de\/index.php?rest_route=\/wp\/v2\/pages\/1133\/revisions\/1406"}],"wp:attachment":[{"href":"https:\/\/zan-bb.de\/index.php?rest_route=%2Fwp%2Fv2%2Fmedia&parent=1133"}],"curies":[{"name":"wp","href":"https:\/\/api.w.org\/{rel}","templated":true}]}}