{"id":1137,"date":"2025-03-26T08:25:48","date_gmt":"2025-03-26T08:25:48","guid":{"rendered":"https:\/\/zan-bb.de\/?page_id=1137"},"modified":"2025-04-02T10:43:53","modified_gmt":"2025-04-02T10:43:53","slug":"josinskyluch-krumme-spree","status":"publish","type":"page","link":"https:\/\/zan-bb.de\/?page_id=1137","title":{"rendered":"Josinskyluch \u2013 Krumme Spree"},"content":{"rendered":"\n<p><strong>EU-Nr.: <\/strong>DE3849-302<br><strong>Landesnr.: <\/strong>56<br><strong>Landkreis:<\/strong> Biosph\u00e4renreservat Spreewald<br><strong>Gebietsgr\u00f6\u00dfe:<\/strong>  239 ha<\/p>\n\n\n\n<p class=\"has-medium-font-size\"><strong>Gebietscharakteristik<\/strong><\/p>\n\n\n\n<p>Das FFH-Gebiet \u201eJosinskyluch &#8211; Krumme Spree\u201c besteht aus zwei zusammengelegten Teilfl\u00e4chen mit einer Gesamtgr\u00f6\u00dfe von 239 ha. Es entstand aus den fr\u00fcheren Gebieten \u201eJosinskyluch\u201c und \u201eErweiterung Josinskyluch &#8211; Krumme Spree\u201c und liegt im Biosph\u00e4renreservat Spreewald, innerhalb der Schutzzonen II und III. Das Gebiet umfasst das Naturschutzgebiet \u201eJosinsky &#8211; Luch\u201c und geh\u00f6rt vollst\u00e4ndig zum Vogelschutzgebiet \u201eSpreewald und Lieberoser Endmor\u00e4ne\u201c, einem der wichtigsten Vogelschutzgebiete Brandenburgs.<\/p>\n\n\n\n<p>Charakteristisch f\u00fcr das Gebiet sind die Niedermoorlandschaft mit Seggenrieden, die artenreiche Spreeniederung mit Altarmen sowie landwirtschaftlich genutzte Frischwiesen, Feuchtweiden und Auengr\u00fcnland. Die etwa 3,7 km lange Krumme Spree durchquert den s\u00fcdlichen Teil des Gebiets und ist als naturnahes Flie\u00dfgew\u00e4sser mit Altarmen von besonderer Bedeutung f\u00fcr Fischotter und Rotbauchunke.<\/p>\n\n\n\n<div class=\"wp-block-columns is-layout-flex wp-container-core-columns-layout-1 wp-block-columns-is-layout-flex\">\n<div class=\"wp-block-column is-layout-flow wp-block-column-is-layout-flow\">\n<p><strong>Ziel-Art (Anhang II FFH-RL):&nbsp;<\/strong><\/p>\n<\/div>\n\n\n\n<div class=\"wp-block-column is-layout-flow wp-block-column-is-layout-flow\">\n<p>Rotbauchunke (<em>Bombina bombina<\/em>)<\/p>\n<\/div>\n<\/div>\n\n\n\n<div class=\"wp-block-columns is-layout-flex wp-container-core-columns-layout-2 wp-block-columns-is-layout-flex\">\n<div class=\"wp-block-column is-layout-flow wp-block-column-is-layout-flow\">\n<p><a href=\"https:\/\/zan-bb.de\/?page_id=1135\">Vorheriges Gebiet<\/a><\/p>\n<\/div>\n\n\n\n<div class=\"wp-block-column is-layout-flow wp-block-column-is-layout-flow\">\n<p><a href=\"https:\/\/zan-bb.de\/?page_id=1143\">N\u00e4chstes Gebiet<\/a><\/p>\n<\/div>\n<\/div>\n","protected":false},"excerpt":{"rendered":"<p>EU-Nr.: DE3849-302Landesnr.: 56Landkreis: Biosph\u00e4renreservat SpreewaldGebietsgr\u00f6\u00dfe: 239 ha Gebietscharakteristik Das FFH-Gebiet \u201eJosinskyluch &#8211; Krumme Spree\u201c besteht aus zwei zusammengelegten Teilfl\u00e4chen mit einer Gesamtgr\u00f6\u00dfe von 239 ha. Es entstand aus den fr\u00fcheren Gebieten \u201eJosinskyluch\u201c und \u201eErweiterung Josinskyluch &#8211; Krumme Spree\u201c und liegt im Biosph\u00e4renreservat Spreewald, innerhalb der Schutzzonen II und III. Das Gebiet umfasst das Naturschutzgebiet \u201eJosinsky &hellip; <\/p>\n<p class=\"link-more\"><a href=\"https:\/\/zan-bb.de\/?page_id=1137\" class=\"more-link\"><span class=\"screen-reader-text\">\u201eJosinskyluch \u2013 Krumme Spree\u201c<\/span> weiterlesen<\/a><\/p>\n","protected":false},"author":2,"featured_media":0,"parent":0,"menu_order":0,"comment_status":"closed","ping_status":"closed","template":"","meta":{"footnotes":""},"yoast_head":"<!-- This site is optimized with the Yoast SEO plugin v21.9.1 - https:\/\/yoast.com\/wordpress\/plugins\/seo\/ -->\n<title>Josinskyluch \u2013 Krumme Spree - ZAN-bb<\/title>\n<meta name=\"robots\" content=\"index, follow, max-snippet:-1, max-image-preview:large, max-video-preview:-1\" \/>\n<link rel=\"canonical\" href=\"https:\/\/zan-bb.de\/?page_id=1137\" \/>\n<meta property=\"og:locale\" content=\"de_DE\" \/>\n<meta property=\"og:type\" content=\"article\" \/>\n<meta property=\"og:title\" content=\"Josinskyluch \u2013 Krumme Spree - ZAN-bb\" \/>\n<meta property=\"og:description\" content=\"EU-Nr.: DE3849-302Landesnr.: 56Landkreis: Biosph\u00e4renreservat SpreewaldGebietsgr\u00f6\u00dfe: 239 ha Gebietscharakteristik Das FFH-Gebiet \u201eJosinskyluch &#8211; Krumme Spree\u201c besteht aus zwei zusammengelegten Teilfl\u00e4chen mit einer Gesamtgr\u00f6\u00dfe von 239 ha. Es entstand aus den fr\u00fcheren Gebieten \u201eJosinskyluch\u201c und \u201eErweiterung Josinskyluch &#8211; Krumme Spree\u201c und liegt im Biosph\u00e4renreservat Spreewald, innerhalb der Schutzzonen II und III. Das Gebiet umfasst das Naturschutzgebiet \u201eJosinsky &hellip; \u201eJosinskyluch \u2013 Krumme Spree\u201c weiterlesen\" \/>\n<meta property=\"og:url\" content=\"https:\/\/zan-bb.de\/?page_id=1137\" \/>\n<meta property=\"og:site_name\" content=\"ZAN-bb\" \/>\n<meta property=\"article:modified_time\" content=\"2025-04-02T10:43:53+00:00\" \/>\n<meta name=\"twitter:card\" content=\"summary_large_image\" \/>\n<meta name=\"twitter:label1\" content=\"Gesch\u00e4tzte Lesezeit\" \/>\n\t<meta name=\"twitter:data1\" content=\"1\u00a0Minute\" \/>\n<script type=\"application\/ld+json\" class=\"yoast-schema-graph\">{\"@context\":\"https:\/\/schema.org\",\"@graph\":[{\"@type\":\"WebPage\",\"@id\":\"https:\/\/zan-bb.de\/?page_id=1137\",\"url\":\"https:\/\/zan-bb.de\/?page_id=1137\",\"name\":\"Josinskyluch \u2013 Krumme Spree - ZAN-bb\",\"isPartOf\":{\"@id\":\"https:\/\/zan-bb.de\/#website\"},\"datePublished\":\"2025-03-26T08:25:48+00:00\",\"dateModified\":\"2025-04-02T10:43:53+00:00\",\"breadcrumb\":{\"@id\":\"https:\/\/zan-bb.de\/?page_id=1137#breadcrumb\"},\"inLanguage\":\"de\",\"potentialAction\":[{\"@type\":\"ReadAction\",\"target\":[\"https:\/\/zan-bb.de\/?page_id=1137\"]}]},{\"@type\":\"BreadcrumbList\",\"@id\":\"https:\/\/zan-bb.de\/?page_id=1137#breadcrumb\",\"itemListElement\":[{\"@type\":\"ListItem\",\"position\":1,\"name\":\"Startseite\",\"item\":\"https:\/\/zan-bb.de\/\"},{\"@type\":\"ListItem\",\"position\":2,\"name\":\"Josinskyluch \u2013 Krumme Spree\"}]},{\"@type\":\"WebSite\",\"@id\":\"https:\/\/zan-bb.de\/#website\",\"url\":\"https:\/\/zan-bb.de\/\",\"name\":\"ZAN-bb\",\"description\":\"Zentrum angewandter Naturschutz in Brandenburg gGmbH\",\"publisher\":{\"@id\":\"https:\/\/zan-bb.de\/#organization\"},\"potentialAction\":[{\"@type\":\"SearchAction\",\"target\":{\"@type\":\"EntryPoint\",\"urlTemplate\":\"https:\/\/zan-bb.de\/?s={search_term_string}\"},\"query-input\":\"required name=search_term_string\"}],\"inLanguage\":\"de\"},{\"@type\":\"Organization\",\"@id\":\"https:\/\/zan-bb.de\/#organization\",\"name\":\"ZAN-bb\",\"url\":\"https:\/\/zan-bb.de\/\",\"logo\":{\"@type\":\"ImageObject\",\"inLanguage\":\"de\",\"@id\":\"https:\/\/zan-bb.de\/#\/schema\/logo\/image\/\",\"url\":\"https:\/\/zan-bb.de\/wp-content\/uploads\/2020\/05\/cropped-ZAN-logo-trans.png\",\"contentUrl\":\"https:\/\/zan-bb.de\/wp-content\/uploads\/2020\/05\/cropped-ZAN-logo-trans.png\",\"width\":250,\"height\":250,\"caption\":\"ZAN-bb\"},\"image\":{\"@id\":\"https:\/\/zan-bb.de\/#\/schema\/logo\/image\/\"}}]}<\/script>\n<!-- \/ Yoast SEO plugin. -->","yoast_head_json":{"title":"Josinskyluch \u2013 Krumme Spree - ZAN-bb","robots":{"index":"index","follow":"follow","max-snippet":"max-snippet:-1","max-image-preview":"max-image-preview:large","max-video-preview":"max-video-preview:-1"},"canonical":"https:\/\/zan-bb.de\/?page_id=1137","og_locale":"de_DE","og_type":"article","og_title":"Josinskyluch \u2013 Krumme Spree - ZAN-bb","og_description":"EU-Nr.: DE3849-302Landesnr.: 56Landkreis: Biosph\u00e4renreservat SpreewaldGebietsgr\u00f6\u00dfe: 239 ha Gebietscharakteristik Das FFH-Gebiet \u201eJosinskyluch &#8211; Krumme Spree\u201c besteht aus zwei zusammengelegten Teilfl\u00e4chen mit einer Gesamtgr\u00f6\u00dfe von 239 ha. Es entstand aus den fr\u00fcheren Gebieten \u201eJosinskyluch\u201c und \u201eErweiterung Josinskyluch &#8211; Krumme Spree\u201c und liegt im Biosph\u00e4renreservat Spreewald, innerhalb der Schutzzonen II und III. Das Gebiet umfasst das Naturschutzgebiet \u201eJosinsky &hellip; \u201eJosinskyluch \u2013 Krumme Spree\u201c weiterlesen","og_url":"https:\/\/zan-bb.de\/?page_id=1137","og_site_name":"ZAN-bb","article_modified_time":"2025-04-02T10:43:53+00:00","twitter_card":"summary_large_image","twitter_misc":{"Gesch\u00e4tzte Lesezeit":"1\u00a0Minute"},"schema":{"@context":"https:\/\/schema.org","@graph":[{"@type":"WebPage","@id":"https:\/\/zan-bb.de\/?page_id=1137","url":"https:\/\/zan-bb.de\/?page_id=1137","name":"Josinskyluch \u2013 Krumme Spree - ZAN-bb","isPartOf":{"@id":"https:\/\/zan-bb.de\/#website"},"datePublished":"2025-03-26T08:25:48+00:00","dateModified":"2025-04-02T10:43:53+00:00","breadcrumb":{"@id":"https:\/\/zan-bb.de\/?page_id=1137#breadcrumb"},"inLanguage":"de","potentialAction":[{"@type":"ReadAction","target":["https:\/\/zan-bb.de\/?page_id=1137"]}]},{"@type":"BreadcrumbList","@id":"https:\/\/zan-bb.de\/?page_id=1137#breadcrumb","itemListElement":[{"@type":"ListItem","position":1,"name":"Startseite","item":"https:\/\/zan-bb.de\/"},{"@type":"ListItem","position":2,"name":"Josinskyluch \u2013 Krumme Spree"}]},{"@type":"WebSite","@id":"https:\/\/zan-bb.de\/#website","url":"https:\/\/zan-bb.de\/","name":"ZAN-bb","description":"Zentrum angewandter Naturschutz in Brandenburg gGmbH","publisher":{"@id":"https:\/\/zan-bb.de\/#organization"},"potentialAction":[{"@type":"SearchAction","target":{"@type":"EntryPoint","urlTemplate":"https:\/\/zan-bb.de\/?s={search_term_string}"},"query-input":"required name=search_term_string"}],"inLanguage":"de"},{"@type":"Organization","@id":"https:\/\/zan-bb.de\/#organization","name":"ZAN-bb","url":"https:\/\/zan-bb.de\/","logo":{"@type":"ImageObject","inLanguage":"de","@id":"https:\/\/zan-bb.de\/#\/schema\/logo\/image\/","url":"https:\/\/zan-bb.de\/wp-content\/uploads\/2020\/05\/cropped-ZAN-logo-trans.png","contentUrl":"https:\/\/zan-bb.de\/wp-content\/uploads\/2020\/05\/cropped-ZAN-logo-trans.png","width":250,"height":250,"caption":"ZAN-bb"},"image":{"@id":"https:\/\/zan-bb.de\/#\/schema\/logo\/image\/"}}]}},"_links":{"self":[{"href":"https:\/\/zan-bb.de\/index.php?rest_route=\/wp\/v2\/pages\/1137"}],"collection":[{"href":"https:\/\/zan-bb.de\/index.php?rest_route=\/wp\/v2\/pages"}],"about":[{"href":"https:\/\/zan-bb.de\/index.php?rest_route=\/wp\/v2\/types\/page"}],"author":[{"embeddable":true,"href":"https:\/\/zan-bb.de\/index.php?rest_route=\/wp\/v2\/users\/2"}],"replies":[{"embeddable":true,"href":"https:\/\/zan-bb.de\/index.php?rest_route=%2Fwp%2Fv2%2Fcomments&post=1137"}],"version-history":[{"count":9,"href":"https:\/\/zan-bb.de\/index.php?rest_route=\/wp\/v2\/pages\/1137\/revisions"}],"predecessor-version":[{"id":1424,"href":"https:\/\/zan-bb.de\/index.php?rest_route=\/wp\/v2\/pages\/1137\/revisions\/1424"}],"wp:attachment":[{"href":"https:\/\/zan-bb.de\/index.php?rest_route=%2Fwp%2Fv2%2Fmedia&parent=1137"}],"curies":[{"name":"wp","href":"https:\/\/api.w.org\/{rel}","templated":true}]}}