{"id":1169,"date":"2025-03-26T10:00:13","date_gmt":"2025-03-26T10:00:13","guid":{"rendered":"https:\/\/zan-bb.de\/?page_id=1169"},"modified":"2025-04-02T10:37:14","modified_gmt":"2025-04-02T10:37:14","slug":"ellerborn-riebocka-und-ragower-niederungswiesen","status":"publish","type":"page","link":"https:\/\/zan-bb.de\/?page_id=1169","title":{"rendered":"Ellerborn, Riebocka und Ragower Niederungswiesen"},"content":{"rendered":"\n<p><strong>EU-Nr.: <\/strong>DE4049-304<br><strong>Landesnr.: <\/strong>321<br><strong>Landkreis:<\/strong> Oder-Spree<br><strong>Gebietsgr\u00f6\u00dfe:<\/strong> 661,3 ha<\/p>\n\n\n\n<p class=\"has-medium-font-size\"><strong>Gebietscharakteristik<\/strong><\/p>\n\n\n\n<p>Das FFH-Gebiet \u201eEllerborn, Ribocka und Ragower Niederungswiesen\u201c liegt zwischen L\u00fcbben und L\u00fcbbenau im Biosph\u00e4renreservat Spreewald, gr\u00f6\u00dftenteils im Landkreis Dahme-Spreewald. Es wird durch die Bahnlinie Berlin\u2013G\u00f6rlitz in zwei H\u00e4lften geteilt.<\/p>\n\n\n\n<p>Das Gebiet ist gepr\u00e4gt von extensiv genutztem Feuchtgr\u00fcnland (ca. die H\u00e4lfte der Fl\u00e4che), durchzogen von Entw\u00e4sserungsgr\u00e4ben, sowie von Waldfl\u00e4chen (etwa ein Drittel), darunter naturnahe Laubw\u00e4lder mit Alt- und Totholz in den NSG \u201eEllerborn\u201c und \u201eRibocka\u201c. Kleingew\u00e4sser, teils tempor\u00e4r, bieten Lebensraum f\u00fcr Amphibien wie die Rotbauchunke. Ackerbau spielt nur eine geringe Rolle.<\/p>\n\n\n\n<div class=\"wp-block-columns is-layout-flex wp-container-core-columns-layout-1 wp-block-columns-is-layout-flex\">\n<div class=\"wp-block-column is-layout-flow wp-block-column-is-layout-flow\">\n<p><strong>Ziel-LRT (Anhang I FFH-RL):<\/strong><\/p>\n<\/div>\n\n\n\n<div class=\"wp-block-column is-layout-flow wp-block-column-is-layout-flow\">\n<p>6510 Magere Flachland-M\u00e4hwiesen (<em>Alopecurus pratensis, Sanguisorba officinalis<\/em>)<br><br>9190 Alte bodensaure Eichenw\u00e4lder auf Sandebenen mit <em>Quercus robur<\/em><\/p>\n<\/div>\n<\/div>\n\n\n\n<div class=\"wp-block-columns is-layout-flex wp-container-core-columns-layout-2 wp-block-columns-is-layout-flex\">\n<div class=\"wp-block-column is-layout-flow wp-block-column-is-layout-flow\">\n<p><strong>Ziel-Art (Anhang II FFH-RL):&nbsp;<\/strong><\/p>\n<\/div>\n\n\n\n<div class=\"wp-block-column is-layout-flow wp-block-column-is-layout-flow\">\n<p>Gro\u00dfer Feuerfalter (Lycaena dispar)<br><br>Rotbauchunke (<em>Bombina bombina<\/em>)<\/p>\n\n\n\n<p>Kammmolch (<em>Triturus cristatus<\/em>)<\/p>\n\n\n\n<p>Heldbock (<em>Cerambyx cerdo<\/em>)<br><br>Eremit (<em>Osmoderma eremita<\/em>)<br><br>versch. Fledermausarten<\/p>\n<\/div>\n<\/div>\n\n\n\n<div class=\"wp-block-columns is-layout-flex wp-container-core-columns-layout-3 wp-block-columns-is-layout-flex\">\n<div class=\"wp-block-column is-layout-flow wp-block-column-is-layout-flow\">\n<p><a href=\"https:\/\/zan-bb.de\/?page_id=1162\">Vorheriges Gebiet<\/a><\/p>\n<\/div>\n\n\n\n<div class=\"wp-block-column is-layout-flow wp-block-column-is-layout-flow\">\n<p><a href=\"https:\/\/zan-bb.de\/?page_id=1176\">N\u00e4chstes Gebiet<\/a><\/p>\n<\/div>\n<\/div>\n","protected":false},"excerpt":{"rendered":"<p>EU-Nr.: DE4049-304Landesnr.: 321Landkreis: Oder-SpreeGebietsgr\u00f6\u00dfe: 661,3 ha Gebietscharakteristik Das FFH-Gebiet \u201eEllerborn, Ribocka und Ragower Niederungswiesen\u201c liegt zwischen L\u00fcbben und L\u00fcbbenau im Biosph\u00e4renreservat Spreewald, gr\u00f6\u00dftenteils im Landkreis Dahme-Spreewald. Es wird durch die Bahnlinie Berlin\u2013G\u00f6rlitz in zwei H\u00e4lften geteilt. Das Gebiet ist gepr\u00e4gt von extensiv genutztem Feuchtgr\u00fcnland (ca. die H\u00e4lfte der Fl\u00e4che), durchzogen von Entw\u00e4sserungsgr\u00e4ben, sowie von Waldfl\u00e4chen &hellip; <\/p>\n<p class=\"link-more\"><a href=\"https:\/\/zan-bb.de\/?page_id=1169\" class=\"more-link\"><span class=\"screen-reader-text\">\u201eEllerborn, Riebocka und Ragower Niederungswiesen\u201c<\/span> weiterlesen<\/a><\/p>\n","protected":false},"author":2,"featured_media":0,"parent":0,"menu_order":0,"comment_status":"closed","ping_status":"closed","template":"","meta":{"footnotes":""},"yoast_head":"<!-- This site is optimized with the Yoast SEO plugin v21.9.1 - https:\/\/yoast.com\/wordpress\/plugins\/seo\/ -->\n<title>Ellerborn, Riebocka und Ragower Niederungswiesen - ZAN-bb<\/title>\n<meta name=\"robots\" content=\"index, follow, max-snippet:-1, max-image-preview:large, max-video-preview:-1\" \/>\n<link rel=\"canonical\" href=\"http:\/\/zan-bb.de\/?page_id=1169\" \/>\n<meta property=\"og:locale\" content=\"de_DE\" \/>\n<meta property=\"og:type\" content=\"article\" \/>\n<meta property=\"og:title\" content=\"Ellerborn, Riebocka und Ragower Niederungswiesen - ZAN-bb\" \/>\n<meta property=\"og:description\" content=\"EU-Nr.: DE4049-304Landesnr.: 321Landkreis: Oder-SpreeGebietsgr\u00f6\u00dfe: 661,3 ha Gebietscharakteristik Das FFH-Gebiet \u201eEllerborn, Ribocka und Ragower Niederungswiesen\u201c liegt zwischen L\u00fcbben und L\u00fcbbenau im Biosph\u00e4renreservat Spreewald, gr\u00f6\u00dftenteils im Landkreis Dahme-Spreewald. Es wird durch die Bahnlinie Berlin\u2013G\u00f6rlitz in zwei H\u00e4lften geteilt. Das Gebiet ist gepr\u00e4gt von extensiv genutztem Feuchtgr\u00fcnland (ca. die H\u00e4lfte der Fl\u00e4che), durchzogen von Entw\u00e4sserungsgr\u00e4ben, sowie von Waldfl\u00e4chen &hellip; \u201eEllerborn, Riebocka und Ragower Niederungswiesen\u201c weiterlesen\" \/>\n<meta property=\"og:url\" content=\"http:\/\/zan-bb.de\/?page_id=1169\" \/>\n<meta property=\"og:site_name\" content=\"ZAN-bb\" \/>\n<meta property=\"article:modified_time\" content=\"2025-04-02T10:37:14+00:00\" \/>\n<meta name=\"twitter:card\" content=\"summary_large_image\" \/>\n<meta name=\"twitter:label1\" content=\"Gesch\u00e4tzte Lesezeit\" \/>\n\t<meta name=\"twitter:data1\" content=\"1\u00a0Minute\" \/>\n<script type=\"application\/ld+json\" class=\"yoast-schema-graph\">{\"@context\":\"https:\/\/schema.org\",\"@graph\":[{\"@type\":\"WebPage\",\"@id\":\"http:\/\/zan-bb.de\/?page_id=1169\",\"url\":\"http:\/\/zan-bb.de\/?page_id=1169\",\"name\":\"Ellerborn, Riebocka und Ragower Niederungswiesen - ZAN-bb\",\"isPartOf\":{\"@id\":\"https:\/\/zan-bb.de\/#website\"},\"datePublished\":\"2025-03-26T10:00:13+00:00\",\"dateModified\":\"2025-04-02T10:37:14+00:00\",\"breadcrumb\":{\"@id\":\"http:\/\/zan-bb.de\/?page_id=1169#breadcrumb\"},\"inLanguage\":\"de\",\"potentialAction\":[{\"@type\":\"ReadAction\",\"target\":[\"http:\/\/zan-bb.de\/?page_id=1169\"]}]},{\"@type\":\"BreadcrumbList\",\"@id\":\"http:\/\/zan-bb.de\/?page_id=1169#breadcrumb\",\"itemListElement\":[{\"@type\":\"ListItem\",\"position\":1,\"name\":\"Startseite\",\"item\":\"https:\/\/zan-bb.de\/\"},{\"@type\":\"ListItem\",\"position\":2,\"name\":\"Ellerborn, Riebocka und Ragower Niederungswiesen\"}]},{\"@type\":\"WebSite\",\"@id\":\"https:\/\/zan-bb.de\/#website\",\"url\":\"https:\/\/zan-bb.de\/\",\"name\":\"ZAN-bb\",\"description\":\"Zentrum angewandter Naturschutz in Brandenburg gGmbH\",\"publisher\":{\"@id\":\"https:\/\/zan-bb.de\/#organization\"},\"potentialAction\":[{\"@type\":\"SearchAction\",\"target\":{\"@type\":\"EntryPoint\",\"urlTemplate\":\"https:\/\/zan-bb.de\/?s={search_term_string}\"},\"query-input\":\"required name=search_term_string\"}],\"inLanguage\":\"de\"},{\"@type\":\"Organization\",\"@id\":\"https:\/\/zan-bb.de\/#organization\",\"name\":\"ZAN-bb\",\"url\":\"https:\/\/zan-bb.de\/\",\"logo\":{\"@type\":\"ImageObject\",\"inLanguage\":\"de\",\"@id\":\"https:\/\/zan-bb.de\/#\/schema\/logo\/image\/\",\"url\":\"https:\/\/zan-bb.de\/wp-content\/uploads\/2020\/05\/cropped-ZAN-logo-trans.png\",\"contentUrl\":\"https:\/\/zan-bb.de\/wp-content\/uploads\/2020\/05\/cropped-ZAN-logo-trans.png\",\"width\":250,\"height\":250,\"caption\":\"ZAN-bb\"},\"image\":{\"@id\":\"https:\/\/zan-bb.de\/#\/schema\/logo\/image\/\"}}]}<\/script>\n<!-- \/ Yoast SEO plugin. -->","yoast_head_json":{"title":"Ellerborn, Riebocka und Ragower Niederungswiesen - ZAN-bb","robots":{"index":"index","follow":"follow","max-snippet":"max-snippet:-1","max-image-preview":"max-image-preview:large","max-video-preview":"max-video-preview:-1"},"canonical":"http:\/\/zan-bb.de\/?page_id=1169","og_locale":"de_DE","og_type":"article","og_title":"Ellerborn, Riebocka und Ragower Niederungswiesen - ZAN-bb","og_description":"EU-Nr.: DE4049-304Landesnr.: 321Landkreis: Oder-SpreeGebietsgr\u00f6\u00dfe: 661,3 ha Gebietscharakteristik Das FFH-Gebiet \u201eEllerborn, Ribocka und Ragower Niederungswiesen\u201c liegt zwischen L\u00fcbben und L\u00fcbbenau im Biosph\u00e4renreservat Spreewald, gr\u00f6\u00dftenteils im Landkreis Dahme-Spreewald. Es wird durch die Bahnlinie Berlin\u2013G\u00f6rlitz in zwei H\u00e4lften geteilt. Das Gebiet ist gepr\u00e4gt von extensiv genutztem Feuchtgr\u00fcnland (ca. die H\u00e4lfte der Fl\u00e4che), durchzogen von Entw\u00e4sserungsgr\u00e4ben, sowie von Waldfl\u00e4chen &hellip; \u201eEllerborn, Riebocka und Ragower Niederungswiesen\u201c weiterlesen","og_url":"http:\/\/zan-bb.de\/?page_id=1169","og_site_name":"ZAN-bb","article_modified_time":"2025-04-02T10:37:14+00:00","twitter_card":"summary_large_image","twitter_misc":{"Gesch\u00e4tzte Lesezeit":"1\u00a0Minute"},"schema":{"@context":"https:\/\/schema.org","@graph":[{"@type":"WebPage","@id":"http:\/\/zan-bb.de\/?page_id=1169","url":"http:\/\/zan-bb.de\/?page_id=1169","name":"Ellerborn, Riebocka und Ragower Niederungswiesen - ZAN-bb","isPartOf":{"@id":"https:\/\/zan-bb.de\/#website"},"datePublished":"2025-03-26T10:00:13+00:00","dateModified":"2025-04-02T10:37:14+00:00","breadcrumb":{"@id":"http:\/\/zan-bb.de\/?page_id=1169#breadcrumb"},"inLanguage":"de","potentialAction":[{"@type":"ReadAction","target":["http:\/\/zan-bb.de\/?page_id=1169"]}]},{"@type":"BreadcrumbList","@id":"http:\/\/zan-bb.de\/?page_id=1169#breadcrumb","itemListElement":[{"@type":"ListItem","position":1,"name":"Startseite","item":"https:\/\/zan-bb.de\/"},{"@type":"ListItem","position":2,"name":"Ellerborn, Riebocka und Ragower Niederungswiesen"}]},{"@type":"WebSite","@id":"https:\/\/zan-bb.de\/#website","url":"https:\/\/zan-bb.de\/","name":"ZAN-bb","description":"Zentrum angewandter Naturschutz in Brandenburg gGmbH","publisher":{"@id":"https:\/\/zan-bb.de\/#organization"},"potentialAction":[{"@type":"SearchAction","target":{"@type":"EntryPoint","urlTemplate":"https:\/\/zan-bb.de\/?s={search_term_string}"},"query-input":"required name=search_term_string"}],"inLanguage":"de"},{"@type":"Organization","@id":"https:\/\/zan-bb.de\/#organization","name":"ZAN-bb","url":"https:\/\/zan-bb.de\/","logo":{"@type":"ImageObject","inLanguage":"de","@id":"https:\/\/zan-bb.de\/#\/schema\/logo\/image\/","url":"https:\/\/zan-bb.de\/wp-content\/uploads\/2020\/05\/cropped-ZAN-logo-trans.png","contentUrl":"https:\/\/zan-bb.de\/wp-content\/uploads\/2020\/05\/cropped-ZAN-logo-trans.png","width":250,"height":250,"caption":"ZAN-bb"},"image":{"@id":"https:\/\/zan-bb.de\/#\/schema\/logo\/image\/"}}]}},"_links":{"self":[{"href":"https:\/\/zan-bb.de\/index.php?rest_route=\/wp\/v2\/pages\/1169"}],"collection":[{"href":"https:\/\/zan-bb.de\/index.php?rest_route=\/wp\/v2\/pages"}],"about":[{"href":"https:\/\/zan-bb.de\/index.php?rest_route=\/wp\/v2\/types\/page"}],"author":[{"embeddable":true,"href":"https:\/\/zan-bb.de\/index.php?rest_route=\/wp\/v2\/users\/2"}],"replies":[{"embeddable":true,"href":"https:\/\/zan-bb.de\/index.php?rest_route=%2Fwp%2Fv2%2Fcomments&post=1169"}],"version-history":[{"count":11,"href":"https:\/\/zan-bb.de\/index.php?rest_route=\/wp\/v2\/pages\/1169\/revisions"}],"predecessor-version":[{"id":1414,"href":"https:\/\/zan-bb.de\/index.php?rest_route=\/wp\/v2\/pages\/1169\/revisions\/1414"}],"wp:attachment":[{"href":"https:\/\/zan-bb.de\/index.php?rest_route=%2Fwp%2Fv2%2Fmedia&parent=1169"}],"curies":[{"name":"wp","href":"https:\/\/api.w.org\/{rel}","templated":true}]}}