{"id":120,"date":"2021-02-25T09:59:57","date_gmt":"2021-02-25T09:59:57","guid":{"rendered":"http:\/\/zan-bb.de\/?page_id=120"},"modified":"2023-12-13T12:18:12","modified_gmt":"2023-12-13T12:18:12","slug":"ffh-gebiet-marienfliess","status":"publish","type":"page","link":"https:\/\/zan-bb.de\/?page_id=120","title":{"rendered":"FFH-Gebiet Marienflie\u00df"},"content":{"rendered":"\n<div class=\"wp-block-columns is-layout-flex wp-container-core-columns-layout-1 wp-block-columns-is-layout-flex\">\n<div class=\"wp-block-column is-layout-flow wp-block-column-is-layout-flow\">\n<figure class=\"wp-block-image size-large is-resized\"><img loading=\"lazy\" decoding=\"async\" width=\"1024\" height=\"768\" src=\"http:\/\/zan-bb.de\/wp-content\/uploads\/2023\/12\/DSC00282-1024x768.jpg\" alt=\"\" class=\"wp-image-950\" style=\"aspect-ratio:1.3333333333333333;width:344px;height:auto\" srcset=\"https:\/\/zan-bb.de\/wp-content\/uploads\/2023\/12\/DSC00282-1024x768.jpg 1024w, https:\/\/zan-bb.de\/wp-content\/uploads\/2023\/12\/DSC00282-300x225.jpg 300w, https:\/\/zan-bb.de\/wp-content\/uploads\/2023\/12\/DSC00282-768x576.jpg 768w, https:\/\/zan-bb.de\/wp-content\/uploads\/2023\/12\/DSC00282-1536x1152.jpg 1536w, https:\/\/zan-bb.de\/wp-content\/uploads\/2023\/12\/DSC00282-2048x1536.jpg 2048w\" sizes=\"(max-width: 767px) 89vw, (max-width: 1000px) 54vw, (max-width: 1071px) 543px, 580px\" \/><figcaption class=\"wp-element-caption\">FFH-Gebiet vor den Pflegema\u00dfnahmen<\/figcaption><\/figure>\n<\/div>\n\n\n\n<div class=\"wp-block-column is-layout-flow wp-block-column-is-layout-flow\">\n<figure class=\"wp-block-image size-full is-resized\"><img loading=\"lazy\" decoding=\"async\" width=\"781\" height=\"624\" src=\"https:\/\/zan-bb.de\/wp-content\/uploads\/2023\/12\/z-1-1024x624-1.png\" alt=\"\" class=\"wp-image-966\" style=\"aspect-ratio:1.251602564102564;width:323px;height:auto\" srcset=\"https:\/\/zan-bb.de\/wp-content\/uploads\/2023\/12\/z-1-1024x624-1.png 781w, https:\/\/zan-bb.de\/wp-content\/uploads\/2023\/12\/z-1-1024x624-1-300x240.png 300w, https:\/\/zan-bb.de\/wp-content\/uploads\/2023\/12\/z-1-1024x624-1-768x614.png 768w\" sizes=\"(max-width: 767px) 89vw, (max-width: 1000px) 54vw, (max-width: 1071px) 543px, 580px\" \/><figcaption class=\"wp-element-caption\">FFH-Gebiet nach den Pflegema\u00dfnahmen<\/figcaption><\/figure>\n<\/div>\n<\/div>\n\n\n\n<p>Das FFH-Gebiet \u201eMarienflie\u00df\u201c (DE 2638-301) befindet sich im Nordwesten von Brandenburg an der Landesgrenze zu Mecklenburg Vorpommern und nimmt insgesamt eine Fl\u00e4che von ca. 1215 ha ein. Es ist Teil des ehemaligen Truppen\u00fcbungsplatzes \u201eJ\u00e4nnersdorf\u201c und setzt sich im s\u00fcdlichen Teil Mecklenburg Vorpommerns als gleichnamiges FFH-Gebiet (DE 2638-502) fort.<\/p>\n\n\n\n<p>Nach dem zweiten Weltkrieg diente das Gebiet der Roten Armee (WGT) bis zum Jahr 1991 als \u00dcbungsgel\u00e4nde und teilte sich in zwei Bereiche auf: die Panzerschie\u00dfbahn im westlichen Teil des heutigen FFH-Gebietes und einem Feldflugplatz mit angrenzendem Luft-Boden-Schie\u00dfplatz (Bombodrom) im \u00f6stlichen Teil. Die jahrzehntelange milit\u00e4rische Nutzung, welche die aufkommende Vegetation immer wieder vernichtete, brachte weitr\u00e4umige Offenlandschaften hervor, die sich durch europaweit seltene und gef\u00e4hrdete Lebensraumtypen und Arten auszeichnen.<\/p>\n\n\n\n<p>Das \u201eMarienflie\u00df&#8220; ist mit dem Ziel als FFH-Gebiet in das Natura 2000-Netz aufgenommen worden, um die hier vorkommenden FFH-Lebensraumtypen \u201eTrockene europ\u00e4ische Heiden\u201c (LRT 4030), einschlie\u00dflich ihrer an sie gebundenen Tier- und Pflanzenarten, zu erhalten und zu entwickeln. <\/p>\n\n\n\n<p>Dar\u00fcber hinaus sieht die Verordnung \u00fcber das Naturschutzgebiet \u201eMarienflie\u00df\u201c auch den Erhalt von in Mitteleuropa stark gef\u00e4hrdeten Pflanzengesellschaften der n\u00e4hrstoffarmen offenen Landschaftsbereiche, insbesondere von Grasnelkenfluren und Silbergrasrasen, sowie die Erhaltung und Entwicklung von reich strukturierten \u00dcbergangsbiotopen zwischen dem Offenland und den angrenzenden W\u00e4ldern vor.<\/p>\n\n\n\n<p><strong>Pflegema\u00dfnahmen<\/strong><\/p>\n\n\n\n<ul>\n<li>Im FFH-Gebiet &#8222;Marienflie\u00df&#8220; wurde auf 105 ha der Lebensraumtyp trockene europ\u00e4ische Heide (LRT 4030) revitalisiert. <\/li>\n\n\n\n<li>Es wurden \u00fcber 100.000 St\u00e4mme entfernt.<\/li>\n\n\n\n<li>Es wurden 30 ha \u00fcberaltete Heide bodennah abgetrennt, um einen vitalen Wuchs zu f\u00f6rdern.<\/li>\n\n\n\n<li>Es erfolgte auf 40 ha das &#8222;kontrollierte winterliche Brennen&#8220;.<\/li>\n<\/ul>\n\n\n\n<p>Durch die erfolgten Pflegema\u00dfnahmen kann jetzt auf der gesamten Fl\u00e4che eine preiswerte und dauerhafte Pflege durch Beweidung erfolgen. Die Beweidung mit robusten Schafsorten und Ziegen unterdr\u00fcckt erfolgreich die Besiedlung des Offenlands mit Sukzessionsgeh\u00f6lzen. <\/p>\n\n\n\n<p>Auf den gepflegten Fl\u00e4chen des Marienflie\u00df sind somit der Erhalt dieses empfindlichen und pflegebed\u00fcrftigen Lebensraums gesichert. <\/p>\n\n\n<div class=\"wp-block-image\">\n<figure class=\"aligncenter size-full is-resized\"><img loading=\"lazy\" decoding=\"async\" width=\"676\" height=\"370\" src=\"https:\/\/zan-bb.de\/wp-content\/uploads\/2023\/11\/ewwer.png\" alt=\"\" class=\"wp-image-312\" style=\"aspect-ratio:1.827027027027027;width:505px;height:auto\" srcset=\"https:\/\/zan-bb.de\/wp-content\/uploads\/2023\/11\/ewwer.png 676w, https:\/\/zan-bb.de\/wp-content\/uploads\/2023\/11\/ewwer-300x164.png 300w\" sizes=\"(max-width: 676px) 100vw, 676px\" \/><figcaption class=\"wp-element-caption\"><em>Pflegema\u00dfnahme Geh\u00f6lzentnahme<\/em><\/figcaption><\/figure><\/div>\n\n\n<p> <\/p>\n","protected":false},"excerpt":{"rendered":"<p>Das FFH-Gebiet \u201eMarienflie\u00df\u201c (DE 2638-301) befindet sich im Nordwesten von Brandenburg an der Landesgrenze zu Mecklenburg Vorpommern und nimmt insgesamt eine Fl\u00e4che von ca. 1215 ha ein. Es ist Teil des ehemaligen Truppen\u00fcbungsplatzes \u201eJ\u00e4nnersdorf\u201c und setzt sich im s\u00fcdlichen Teil Mecklenburg Vorpommerns als gleichnamiges FFH-Gebiet (DE 2638-502) fort. Nach dem zweiten Weltkrieg diente das Gebiet &hellip; <\/p>\n<p class=\"link-more\"><a href=\"https:\/\/zan-bb.de\/?page_id=120\" class=\"more-link\"><span class=\"screen-reader-text\">\u201eFFH-Gebiet Marienflie\u00df\u201c<\/span> weiterlesen<\/a><\/p>\n","protected":false},"author":1,"featured_media":0,"parent":0,"menu_order":0,"comment_status":"closed","ping_status":"closed","template":"","meta":{"footnotes":""},"yoast_head":"<!-- This site is optimized with the Yoast SEO plugin v21.9.1 - https:\/\/yoast.com\/wordpress\/plugins\/seo\/ -->\n<title>FFH-Gebiet Marienflie\u00df - ZAN-bb<\/title>\n<meta name=\"description\" content=\"Naturschutz Pflegema\u00dfnahmen im FFH-Gebiet Marienflie\u00df. Erhaltung und Wiederherstellung von \u00fcber 100 ha LRT 4030 (Europ\u00e4ische Heide)\" \/>\n<meta name=\"robots\" content=\"index, follow, max-snippet:-1, max-image-preview:large, max-video-preview:-1\" \/>\n<link rel=\"canonical\" href=\"https:\/\/zan-bb.de\/?page_id=120\" \/>\n<meta property=\"og:locale\" content=\"de_DE\" \/>\n<meta property=\"og:type\" content=\"article\" \/>\n<meta property=\"og:title\" content=\"FFH-Gebiet Marienflie\u00df - ZAN-bb\" \/>\n<meta property=\"og:description\" content=\"Naturschutz Pflegema\u00dfnahmen im FFH-Gebiet Marienflie\u00df. Erhaltung und Wiederherstellung von \u00fcber 100 ha LRT 4030 (Europ\u00e4ische Heide)\" \/>\n<meta property=\"og:url\" content=\"https:\/\/zan-bb.de\/?page_id=120\" \/>\n<meta property=\"og:site_name\" content=\"ZAN-bb\" \/>\n<meta property=\"article:modified_time\" content=\"2023-12-13T12:18:12+00:00\" \/>\n<meta property=\"og:image\" content=\"http:\/\/zan-bb.de\/wp-content\/uploads\/2023\/12\/DSC00282-1024x768.jpg\" \/>\n<meta name=\"twitter:card\" content=\"summary_large_image\" \/>\n<meta name=\"twitter:label1\" content=\"Gesch\u00e4tzte Lesezeit\" \/>\n\t<meta name=\"twitter:data1\" content=\"3\u00a0Minuten\" \/>\n<script type=\"application\/ld+json\" class=\"yoast-schema-graph\">{\"@context\":\"https:\/\/schema.org\",\"@graph\":[{\"@type\":\"WebPage\",\"@id\":\"https:\/\/zan-bb.de\/?page_id=120\",\"url\":\"https:\/\/zan-bb.de\/?page_id=120\",\"name\":\"FFH-Gebiet Marienflie\u00df - ZAN-bb\",\"isPartOf\":{\"@id\":\"https:\/\/zan-bb.de\/#website\"},\"datePublished\":\"2021-02-25T09:59:57+00:00\",\"dateModified\":\"2023-12-13T12:18:12+00:00\",\"description\":\"Naturschutz Pflegema\u00dfnahmen im FFH-Gebiet Marienflie\u00df. Erhaltung und Wiederherstellung von \u00fcber 100 ha LRT 4030 (Europ\u00e4ische Heide)\",\"breadcrumb\":{\"@id\":\"https:\/\/zan-bb.de\/?page_id=120#breadcrumb\"},\"inLanguage\":\"de\",\"potentialAction\":[{\"@type\":\"ReadAction\",\"target\":[\"https:\/\/zan-bb.de\/?page_id=120\"]}]},{\"@type\":\"BreadcrumbList\",\"@id\":\"https:\/\/zan-bb.de\/?page_id=120#breadcrumb\",\"itemListElement\":[{\"@type\":\"ListItem\",\"position\":1,\"name\":\"Startseite\",\"item\":\"https:\/\/zan-bb.de\/\"},{\"@type\":\"ListItem\",\"position\":2,\"name\":\"FFH-Gebiet Marienflie\u00df\"}]},{\"@type\":\"WebSite\",\"@id\":\"https:\/\/zan-bb.de\/#website\",\"url\":\"https:\/\/zan-bb.de\/\",\"name\":\"ZAN-bb\",\"description\":\"Zentrum angewandter Naturschutz in Brandenburg gGmbH\",\"publisher\":{\"@id\":\"https:\/\/zan-bb.de\/#organization\"},\"potentialAction\":[{\"@type\":\"SearchAction\",\"target\":{\"@type\":\"EntryPoint\",\"urlTemplate\":\"https:\/\/zan-bb.de\/?s={search_term_string}\"},\"query-input\":\"required name=search_term_string\"}],\"inLanguage\":\"de\"},{\"@type\":\"Organization\",\"@id\":\"https:\/\/zan-bb.de\/#organization\",\"name\":\"ZAN-bb\",\"url\":\"https:\/\/zan-bb.de\/\",\"logo\":{\"@type\":\"ImageObject\",\"inLanguage\":\"de\",\"@id\":\"https:\/\/zan-bb.de\/#\/schema\/logo\/image\/\",\"url\":\"https:\/\/zan-bb.de\/wp-content\/uploads\/2020\/05\/cropped-ZAN-logo-trans.png\",\"contentUrl\":\"https:\/\/zan-bb.de\/wp-content\/uploads\/2020\/05\/cropped-ZAN-logo-trans.png\",\"width\":250,\"height\":250,\"caption\":\"ZAN-bb\"},\"image\":{\"@id\":\"https:\/\/zan-bb.de\/#\/schema\/logo\/image\/\"}}]}<\/script>\n<!-- \/ Yoast SEO plugin. -->","yoast_head_json":{"title":"FFH-Gebiet Marienflie\u00df - ZAN-bb","description":"Naturschutz Pflegema\u00dfnahmen im FFH-Gebiet Marienflie\u00df. Erhaltung und Wiederherstellung von \u00fcber 100 ha LRT 4030 (Europ\u00e4ische Heide)","robots":{"index":"index","follow":"follow","max-snippet":"max-snippet:-1","max-image-preview":"max-image-preview:large","max-video-preview":"max-video-preview:-1"},"canonical":"https:\/\/zan-bb.de\/?page_id=120","og_locale":"de_DE","og_type":"article","og_title":"FFH-Gebiet Marienflie\u00df - ZAN-bb","og_description":"Naturschutz Pflegema\u00dfnahmen im FFH-Gebiet Marienflie\u00df. Erhaltung und Wiederherstellung von \u00fcber 100 ha LRT 4030 (Europ\u00e4ische Heide)","og_url":"https:\/\/zan-bb.de\/?page_id=120","og_site_name":"ZAN-bb","article_modified_time":"2023-12-13T12:18:12+00:00","og_image":[{"url":"http:\/\/zan-bb.de\/wp-content\/uploads\/2023\/12\/DSC00282-1024x768.jpg"}],"twitter_card":"summary_large_image","twitter_misc":{"Gesch\u00e4tzte Lesezeit":"3\u00a0Minuten"},"schema":{"@context":"https:\/\/schema.org","@graph":[{"@type":"WebPage","@id":"https:\/\/zan-bb.de\/?page_id=120","url":"https:\/\/zan-bb.de\/?page_id=120","name":"FFH-Gebiet Marienflie\u00df - ZAN-bb","isPartOf":{"@id":"https:\/\/zan-bb.de\/#website"},"datePublished":"2021-02-25T09:59:57+00:00","dateModified":"2023-12-13T12:18:12+00:00","description":"Naturschutz Pflegema\u00dfnahmen im FFH-Gebiet Marienflie\u00df. Erhaltung und Wiederherstellung von \u00fcber 100 ha LRT 4030 (Europ\u00e4ische Heide)","breadcrumb":{"@id":"https:\/\/zan-bb.de\/?page_id=120#breadcrumb"},"inLanguage":"de","potentialAction":[{"@type":"ReadAction","target":["https:\/\/zan-bb.de\/?page_id=120"]}]},{"@type":"BreadcrumbList","@id":"https:\/\/zan-bb.de\/?page_id=120#breadcrumb","itemListElement":[{"@type":"ListItem","position":1,"name":"Startseite","item":"https:\/\/zan-bb.de\/"},{"@type":"ListItem","position":2,"name":"FFH-Gebiet Marienflie\u00df"}]},{"@type":"WebSite","@id":"https:\/\/zan-bb.de\/#website","url":"https:\/\/zan-bb.de\/","name":"ZAN-bb","description":"Zentrum angewandter Naturschutz in Brandenburg gGmbH","publisher":{"@id":"https:\/\/zan-bb.de\/#organization"},"potentialAction":[{"@type":"SearchAction","target":{"@type":"EntryPoint","urlTemplate":"https:\/\/zan-bb.de\/?s={search_term_string}"},"query-input":"required name=search_term_string"}],"inLanguage":"de"},{"@type":"Organization","@id":"https:\/\/zan-bb.de\/#organization","name":"ZAN-bb","url":"https:\/\/zan-bb.de\/","logo":{"@type":"ImageObject","inLanguage":"de","@id":"https:\/\/zan-bb.de\/#\/schema\/logo\/image\/","url":"https:\/\/zan-bb.de\/wp-content\/uploads\/2020\/05\/cropped-ZAN-logo-trans.png","contentUrl":"https:\/\/zan-bb.de\/wp-content\/uploads\/2020\/05\/cropped-ZAN-logo-trans.png","width":250,"height":250,"caption":"ZAN-bb"},"image":{"@id":"https:\/\/zan-bb.de\/#\/schema\/logo\/image\/"}}]}},"_links":{"self":[{"href":"https:\/\/zan-bb.de\/index.php?rest_route=\/wp\/v2\/pages\/120"}],"collection":[{"href":"https:\/\/zan-bb.de\/index.php?rest_route=\/wp\/v2\/pages"}],"about":[{"href":"https:\/\/zan-bb.de\/index.php?rest_route=\/wp\/v2\/types\/page"}],"author":[{"embeddable":true,"href":"https:\/\/zan-bb.de\/index.php?rest_route=\/wp\/v2\/users\/1"}],"replies":[{"embeddable":true,"href":"https:\/\/zan-bb.de\/index.php?rest_route=%2Fwp%2Fv2%2Fcomments&post=120"}],"version-history":[{"count":31,"href":"https:\/\/zan-bb.de\/index.php?rest_route=\/wp\/v2\/pages\/120\/revisions"}],"predecessor-version":[{"id":971,"href":"https:\/\/zan-bb.de\/index.php?rest_route=\/wp\/v2\/pages\/120\/revisions\/971"}],"wp:attachment":[{"href":"https:\/\/zan-bb.de\/index.php?rest_route=%2Fwp%2Fv2%2Fmedia&parent=120"}],"curies":[{"name":"wp","href":"https:\/\/api.w.org\/{rel}","templated":true}]}}