{"id":24,"date":"2020-05-07T13:20:21","date_gmt":"2020-05-07T13:20:21","guid":{"rendered":"http:\/\/zan-bb.de\/?page_id=24"},"modified":"2023-11-30T15:43:40","modified_gmt":"2023-11-30T15:43:40","slug":"das-zan","status":"publish","type":"page","link":"https:\/\/zan-bb.de\/?page_id=24","title":{"rendered":"\u00dcber uns"},"content":{"rendered":"<div class=\"wp-block-image\">\n<figure class=\"aligncenter size-full\"><img loading=\"lazy\" decoding=\"async\" width=\"250\" height=\"169\" src=\"https:\/\/zan-bb.de\/wp-content\/uploads\/2023\/11\/ZAN-logo-trans.png\" alt=\"\" class=\"wp-image-316\"\/><\/figure><\/div>\n\n\n<p><strong>Das Zentrum angewandter Naturschutz in Brandenburg stellt sich vor.<\/strong><\/p>\n\n\n\n<p class=\"has-text-align-left\">Das ZAN gGmbH ist seit Jahren im Bereich der naturschutzfachlichen Planung und Umsetzung von Wiederherstellungsma\u00dfnahmen mit einem Schwerpunkt in Brandenburg t\u00e4tig. <\/p>\n\n\n\n<p class=\"has-text-align-left\">Die Kompetenz des ZAN liegt insbesondere in der Initiierung und Kommunikation sowie naturschutzfachlich planerischen Vorbereitung von Erhaltungs- und Entwicklungsma\u00dfnahmen von FFH-Lebensraumtypen und Arten sowie in der Tr\u00e4gerschaft umfangreicher F\u00f6rderprojekte zur Umsetzung von Pflege- und Wiederherstellungsma\u00dfnahmen in FFH-Gebieten. <br>Dar\u00fcber hinaus bietet die gemeinn\u00fctzige Gesellschaft Unterst\u00fctzung bei der Antragstellung von F\u00f6rdermitteln an und \u00fcbernimmt Aufgaben in der Projektsteuerung sowie dem Vergabemanagement.<\/p>\n\n\n\n<p>Sitz: Potsdam<br>Gesch\u00e4ftsf\u00fchrer: Gregor Weyer <br>Gegr\u00fcndet 2018<br>Gemeinn\u00fctzig nach \u00a760 AO<br>Private Stiftungsgesellschaft<br>Regionalbezug Berlin\/Brandenburg<\/p>\n\n\n\n<h3 class=\"wp-block-heading\"><strong>Aufgaben der ZAN <\/strong><\/h3>\n\n\n\n<figure class=\"wp-block-image size-large\"><img loading=\"lazy\" decoding=\"async\" width=\"1024\" height=\"576\" src=\"http:\/\/zan-bb.de\/wp-content\/uploads\/2023\/11\/Praesentation1-1-1024x576.png\" alt=\"\" class=\"wp-image-502\" srcset=\"https:\/\/zan-bb.de\/wp-content\/uploads\/2023\/11\/Praesentation1-1-1024x576.png 1024w, https:\/\/zan-bb.de\/wp-content\/uploads\/2023\/11\/Praesentation1-1-300x169.png 300w, https:\/\/zan-bb.de\/wp-content\/uploads\/2023\/11\/Praesentation1-1-768x432.png 768w, https:\/\/zan-bb.de\/wp-content\/uploads\/2023\/11\/Praesentation1-1.png 1280w\" sizes=\"(max-width: 767px) 89vw, (max-width: 1000px) 54vw, (max-width: 1071px) 543px, 580px\" \/><\/figure>\n","protected":false},"excerpt":{"rendered":"<p>Das Zentrum angewandter Naturschutz in Brandenburg stellt sich vor. Das ZAN gGmbH ist seit Jahren im Bereich der naturschutzfachlichen Planung und Umsetzung von Wiederherstellungsma\u00dfnahmen mit einem Schwerpunkt in Brandenburg t\u00e4tig. Die Kompetenz des ZAN liegt insbesondere in der Initiierung und Kommunikation sowie naturschutzfachlich planerischen Vorbereitung von Erhaltungs- und Entwicklungsma\u00dfnahmen von FFH-Lebensraumtypen und Arten sowie in &hellip; <\/p>\n<p class=\"link-more\"><a href=\"https:\/\/zan-bb.de\/?page_id=24\" class=\"more-link\"><span class=\"screen-reader-text\">\u201e\u00dcber uns\u201c<\/span> weiterlesen<\/a><\/p>\n","protected":false},"author":1,"featured_media":0,"parent":0,"menu_order":0,"comment_status":"closed","ping_status":"closed","template":"","meta":{"footnotes":""},"yoast_head":"<!-- This site is optimized with the Yoast SEO plugin v21.9.1 - https:\/\/yoast.com\/wordpress\/plugins\/seo\/ -->\n<title>\u00dcber uns - ZAN-bb<\/title>\n<meta name=\"robots\" content=\"index, follow, max-snippet:-1, max-image-preview:large, max-video-preview:-1\" \/>\n<link rel=\"canonical\" href=\"https:\/\/zan-bb.de\/?page_id=24\" \/>\n<meta property=\"og:locale\" content=\"de_DE\" \/>\n<meta property=\"og:type\" content=\"article\" \/>\n<meta property=\"og:title\" content=\"\u00dcber uns - ZAN-bb\" \/>\n<meta property=\"og:description\" content=\"Das Zentrum angewandter Naturschutz in Brandenburg stellt sich vor. Das ZAN gGmbH ist seit Jahren im Bereich der naturschutzfachlichen Planung und Umsetzung von Wiederherstellungsma\u00dfnahmen mit einem Schwerpunkt in Brandenburg t\u00e4tig. Die Kompetenz des ZAN liegt insbesondere in der Initiierung und Kommunikation sowie naturschutzfachlich planerischen Vorbereitung von Erhaltungs- und Entwicklungsma\u00dfnahmen von FFH-Lebensraumtypen und Arten sowie in &hellip; \u201e\u00dcber uns\u201c weiterlesen\" \/>\n<meta property=\"og:url\" content=\"https:\/\/zan-bb.de\/?page_id=24\" \/>\n<meta property=\"og:site_name\" content=\"ZAN-bb\" \/>\n<meta property=\"article:modified_time\" content=\"2023-11-30T15:43:40+00:00\" \/>\n<meta property=\"og:image\" content=\"https:\/\/zan-bb.de\/wp-content\/uploads\/2023\/11\/ZAN-logo-trans.png\" \/>\n<meta name=\"twitter:card\" content=\"summary_large_image\" \/>\n<meta name=\"twitter:label1\" content=\"Gesch\u00e4tzte Lesezeit\" \/>\n\t<meta name=\"twitter:data1\" content=\"1\u00a0Minute\" \/>\n<script type=\"application\/ld+json\" class=\"yoast-schema-graph\">{\"@context\":\"https:\/\/schema.org\",\"@graph\":[{\"@type\":\"WebPage\",\"@id\":\"https:\/\/zan-bb.de\/?page_id=24\",\"url\":\"https:\/\/zan-bb.de\/?page_id=24\",\"name\":\"\u00dcber uns - ZAN-bb\",\"isPartOf\":{\"@id\":\"https:\/\/zan-bb.de\/#website\"},\"datePublished\":\"2020-05-07T13:20:21+00:00\",\"dateModified\":\"2023-11-30T15:43:40+00:00\",\"breadcrumb\":{\"@id\":\"https:\/\/zan-bb.de\/?page_id=24#breadcrumb\"},\"inLanguage\":\"de\",\"potentialAction\":[{\"@type\":\"ReadAction\",\"target\":[\"https:\/\/zan-bb.de\/?page_id=24\"]}]},{\"@type\":\"BreadcrumbList\",\"@id\":\"https:\/\/zan-bb.de\/?page_id=24#breadcrumb\",\"itemListElement\":[{\"@type\":\"ListItem\",\"position\":1,\"name\":\"Startseite\",\"item\":\"https:\/\/zan-bb.de\/\"},{\"@type\":\"ListItem\",\"position\":2,\"name\":\"\u00dcber uns\"}]},{\"@type\":\"WebSite\",\"@id\":\"https:\/\/zan-bb.de\/#website\",\"url\":\"https:\/\/zan-bb.de\/\",\"name\":\"ZAN-bb\",\"description\":\"Zentrum angewandter Naturschutz in Brandenburg gGmbH\",\"publisher\":{\"@id\":\"https:\/\/zan-bb.de\/#organization\"},\"potentialAction\":[{\"@type\":\"SearchAction\",\"target\":{\"@type\":\"EntryPoint\",\"urlTemplate\":\"https:\/\/zan-bb.de\/?s={search_term_string}\"},\"query-input\":\"required name=search_term_string\"}],\"inLanguage\":\"de\"},{\"@type\":\"Organization\",\"@id\":\"https:\/\/zan-bb.de\/#organization\",\"name\":\"ZAN-bb\",\"url\":\"https:\/\/zan-bb.de\/\",\"logo\":{\"@type\":\"ImageObject\",\"inLanguage\":\"de\",\"@id\":\"https:\/\/zan-bb.de\/#\/schema\/logo\/image\/\",\"url\":\"https:\/\/zan-bb.de\/wp-content\/uploads\/2020\/05\/cropped-ZAN-logo-trans.png\",\"contentUrl\":\"https:\/\/zan-bb.de\/wp-content\/uploads\/2020\/05\/cropped-ZAN-logo-trans.png\",\"width\":250,\"height\":250,\"caption\":\"ZAN-bb\"},\"image\":{\"@id\":\"https:\/\/zan-bb.de\/#\/schema\/logo\/image\/\"}}]}<\/script>\n<!-- \/ Yoast SEO plugin. -->","yoast_head_json":{"title":"\u00dcber uns - ZAN-bb","robots":{"index":"index","follow":"follow","max-snippet":"max-snippet:-1","max-image-preview":"max-image-preview:large","max-video-preview":"max-video-preview:-1"},"canonical":"https:\/\/zan-bb.de\/?page_id=24","og_locale":"de_DE","og_type":"article","og_title":"\u00dcber uns - ZAN-bb","og_description":"Das Zentrum angewandter Naturschutz in Brandenburg stellt sich vor. Das ZAN gGmbH ist seit Jahren im Bereich der naturschutzfachlichen Planung und Umsetzung von Wiederherstellungsma\u00dfnahmen mit einem Schwerpunkt in Brandenburg t\u00e4tig. Die Kompetenz des ZAN liegt insbesondere in der Initiierung und Kommunikation sowie naturschutzfachlich planerischen Vorbereitung von Erhaltungs- und Entwicklungsma\u00dfnahmen von FFH-Lebensraumtypen und Arten sowie in &hellip; \u201e\u00dcber uns\u201c weiterlesen","og_url":"https:\/\/zan-bb.de\/?page_id=24","og_site_name":"ZAN-bb","article_modified_time":"2023-11-30T15:43:40+00:00","og_image":[{"url":"https:\/\/zan-bb.de\/wp-content\/uploads\/2023\/11\/ZAN-logo-trans.png"}],"twitter_card":"summary_large_image","twitter_misc":{"Gesch\u00e4tzte Lesezeit":"1\u00a0Minute"},"schema":{"@context":"https:\/\/schema.org","@graph":[{"@type":"WebPage","@id":"https:\/\/zan-bb.de\/?page_id=24","url":"https:\/\/zan-bb.de\/?page_id=24","name":"\u00dcber uns - ZAN-bb","isPartOf":{"@id":"https:\/\/zan-bb.de\/#website"},"datePublished":"2020-05-07T13:20:21+00:00","dateModified":"2023-11-30T15:43:40+00:00","breadcrumb":{"@id":"https:\/\/zan-bb.de\/?page_id=24#breadcrumb"},"inLanguage":"de","potentialAction":[{"@type":"ReadAction","target":["https:\/\/zan-bb.de\/?page_id=24"]}]},{"@type":"BreadcrumbList","@id":"https:\/\/zan-bb.de\/?page_id=24#breadcrumb","itemListElement":[{"@type":"ListItem","position":1,"name":"Startseite","item":"https:\/\/zan-bb.de\/"},{"@type":"ListItem","position":2,"name":"\u00dcber uns"}]},{"@type":"WebSite","@id":"https:\/\/zan-bb.de\/#website","url":"https:\/\/zan-bb.de\/","name":"ZAN-bb","description":"Zentrum angewandter Naturschutz in Brandenburg gGmbH","publisher":{"@id":"https:\/\/zan-bb.de\/#organization"},"potentialAction":[{"@type":"SearchAction","target":{"@type":"EntryPoint","urlTemplate":"https:\/\/zan-bb.de\/?s={search_term_string}"},"query-input":"required name=search_term_string"}],"inLanguage":"de"},{"@type":"Organization","@id":"https:\/\/zan-bb.de\/#organization","name":"ZAN-bb","url":"https:\/\/zan-bb.de\/","logo":{"@type":"ImageObject","inLanguage":"de","@id":"https:\/\/zan-bb.de\/#\/schema\/logo\/image\/","url":"https:\/\/zan-bb.de\/wp-content\/uploads\/2020\/05\/cropped-ZAN-logo-trans.png","contentUrl":"https:\/\/zan-bb.de\/wp-content\/uploads\/2020\/05\/cropped-ZAN-logo-trans.png","width":250,"height":250,"caption":"ZAN-bb"},"image":{"@id":"https:\/\/zan-bb.de\/#\/schema\/logo\/image\/"}}]}},"_links":{"self":[{"href":"https:\/\/zan-bb.de\/index.php?rest_route=\/wp\/v2\/pages\/24"}],"collection":[{"href":"https:\/\/zan-bb.de\/index.php?rest_route=\/wp\/v2\/pages"}],"about":[{"href":"https:\/\/zan-bb.de\/index.php?rest_route=\/wp\/v2\/types\/page"}],"author":[{"embeddable":true,"href":"https:\/\/zan-bb.de\/index.php?rest_route=\/wp\/v2\/users\/1"}],"replies":[{"embeddable":true,"href":"https:\/\/zan-bb.de\/index.php?rest_route=%2Fwp%2Fv2%2Fcomments&post=24"}],"version-history":[{"count":24,"href":"https:\/\/zan-bb.de\/index.php?rest_route=\/wp\/v2\/pages\/24\/revisions"}],"predecessor-version":[{"id":615,"href":"https:\/\/zan-bb.de\/index.php?rest_route=\/wp\/v2\/pages\/24\/revisions\/615"}],"wp:attachment":[{"href":"https:\/\/zan-bb.de\/index.php?rest_route=%2Fwp%2Fv2%2Fmedia&parent=24"}],"curies":[{"name":"wp","href":"https:\/\/api.w.org\/{rel}","templated":true}]}}