{"id":337,"date":"2023-11-22T11:40:32","date_gmt":"2023-11-22T11:40:32","guid":{"rendered":"https:\/\/zan-bb.de\/?page_id=337"},"modified":"2025-03-28T08:05:50","modified_gmt":"2025-03-28T08:05:50","slug":"gebietskulisse","status":"publish","type":"page","link":"https:\/\/zan-bb.de\/?page_id=337","title":{"rendered":"Gebietskulisse"},"content":{"rendered":"\n<p>Die Natura-2000-Gebiete, in denen wir im Rahmen der Umweltsensibilisierungsprojekte aktiv sind, werden in der \u00dcbersichtskarte abgebildet.<br><br>Das Projekt ist auf die Vorbereitung der Ma\u00dfnahmenumsetzung in einer ausgew\u00e4hlten Kulisse aus FFH-Gebieten bzw. Gebietskomplexen in Brandenburg ausgelegt. Die Auswahl der Gebiete orientierte sich an den durch das Landesamt f\u00fcr Umwelt (LfU) festgelegten Schwerpunktr\u00e4umen f\u00fcr die Ma\u00dfnahmenumsetzung, der gutachterlichen Einsch\u00e4tzung des Handlungsbedarfs, an der Einzelansprache ausgew\u00e4hlter Schutzgebietsverwaltungen sowie der Ber\u00fccksichtigung von bereits im Verfahren befindlicher Gebiete in anderen Umweltsensibilisierungsprojekten.<\/p>\n\n\n\n<p><br><br><\/p>\n\n\n\n<div class=\"wp-block-columns is-layout-flex wp-container-core-columns-layout-1 wp-block-columns-is-layout-flex\">\n<div class=\"wp-block-column is-layout-flow wp-block-column-is-layout-flow\" style=\"flex-basis:33.33%\">\n<h2 class=\"wp-block-heading\">Projektgebiete<\/h2>\n\n\n\n<p class=\"has-vivid-purple-color has-text-color\"><a href=\"https:\/\/zan-bb.de\/?page_id=650\">Umweltsensibilisierung<br>Projekt 1<\/a><br>#abgeschlossen<\/p>\n\n\n\n<p class=\"has-vivid-purple-color has-text-color\"><a href=\"https:\/\/zan-bb.de\/?page_id=673\">Umweltsensibilisierung<br>Projekt 2<\/a><br>#abgeschlossen<\/p>\n\n\n\n<p class=\"has-red-color has-text-color has-link-color\"><a href=\"https:\/\/zan-bb.de\/?page_id=1041\">Umweltsensibilisierung<br \/>Projekt 3<\/a><br \/><span style=\"color: #ff0000;\">#in Umsetzung<\/span><\/p>\n<\/div>\n\n\n\n<div class=\"wp-block-column is-layout-flow wp-block-column-is-layout-flow\" style=\"flex-basis:66.66%\">\n<iframe loading=\"lazy\" src=\"https:\/\/www.google.com\/maps\/d\/embed?mid=1ihaf2hHWLr4vc4OO-aYmlOFLSM4o8Pc4&#038;ehbc=2E312F\" width=\"640\" height=\"480\"><\/iframe>\n<\/div>\n<\/div>\n\n\n\n<p><\/p>\n","protected":false},"excerpt":{"rendered":"<p>Die Natura-2000-Gebiete, in denen wir im Rahmen der Umweltsensibilisierungsprojekte aktiv sind, werden in der \u00dcbersichtskarte abgebildet. Das Projekt ist auf die Vorbereitung der Ma\u00dfnahmenumsetzung in einer ausgew\u00e4hlten Kulisse aus FFH-Gebieten bzw. Gebietskomplexen in Brandenburg ausgelegt. Die Auswahl der Gebiete orientierte sich an den durch das Landesamt f\u00fcr Umwelt (LfU) festgelegten Schwerpunktr\u00e4umen f\u00fcr die Ma\u00dfnahmenumsetzung, der &hellip; <\/p>\n<p class=\"link-more\"><a href=\"https:\/\/zan-bb.de\/?page_id=337\" class=\"more-link\"><span class=\"screen-reader-text\">\u201eGebietskulisse\u201c<\/span> weiterlesen<\/a><\/p>\n","protected":false},"author":1,"featured_media":0,"parent":0,"menu_order":0,"comment_status":"closed","ping_status":"closed","template":"","meta":{"footnotes":""},"yoast_head":"<!-- This site is optimized with the Yoast SEO plugin v21.9.1 - https:\/\/yoast.com\/wordpress\/plugins\/seo\/ -->\n<title>Gebietskulisse - ZAN-bb<\/title>\n<meta name=\"robots\" content=\"index, follow, max-snippet:-1, max-image-preview:large, max-video-preview:-1\" \/>\n<link rel=\"canonical\" href=\"http:\/\/zan-bb.de\/?page_id=337\" \/>\n<meta property=\"og:locale\" content=\"de_DE\" \/>\n<meta property=\"og:type\" content=\"article\" \/>\n<meta property=\"og:title\" content=\"Gebietskulisse - ZAN-bb\" \/>\n<meta property=\"og:description\" content=\"Die Natura-2000-Gebiete, in denen wir im Rahmen der Umweltsensibilisierungsprojekte aktiv sind, werden in der \u00dcbersichtskarte abgebildet. Das Projekt ist auf die Vorbereitung der Ma\u00dfnahmenumsetzung in einer ausgew\u00e4hlten Kulisse aus FFH-Gebieten bzw. Gebietskomplexen in Brandenburg ausgelegt. Die Auswahl der Gebiete orientierte sich an den durch das Landesamt f\u00fcr Umwelt (LfU) festgelegten Schwerpunktr\u00e4umen f\u00fcr die Ma\u00dfnahmenumsetzung, der &hellip; \u201eGebietskulisse\u201c weiterlesen\" \/>\n<meta property=\"og:url\" content=\"http:\/\/zan-bb.de\/?page_id=337\" \/>\n<meta property=\"og:site_name\" content=\"ZAN-bb\" \/>\n<meta property=\"article:modified_time\" content=\"2025-03-28T08:05:50+00:00\" \/>\n<meta name=\"twitter:card\" content=\"summary_large_image\" \/>\n<meta name=\"twitter:label1\" content=\"Gesch\u00e4tzte Lesezeit\" \/>\n\t<meta name=\"twitter:data1\" content=\"1\u00a0Minute\" \/>\n<script type=\"application\/ld+json\" class=\"yoast-schema-graph\">{\"@context\":\"https:\/\/schema.org\",\"@graph\":[{\"@type\":\"WebPage\",\"@id\":\"http:\/\/zan-bb.de\/?page_id=337\",\"url\":\"http:\/\/zan-bb.de\/?page_id=337\",\"name\":\"Gebietskulisse - ZAN-bb\",\"isPartOf\":{\"@id\":\"https:\/\/zan-bb.de\/#website\"},\"datePublished\":\"2023-11-22T11:40:32+00:00\",\"dateModified\":\"2025-03-28T08:05:50+00:00\",\"breadcrumb\":{\"@id\":\"http:\/\/zan-bb.de\/?page_id=337#breadcrumb\"},\"inLanguage\":\"de\",\"potentialAction\":[{\"@type\":\"ReadAction\",\"target\":[\"http:\/\/zan-bb.de\/?page_id=337\"]}]},{\"@type\":\"BreadcrumbList\",\"@id\":\"http:\/\/zan-bb.de\/?page_id=337#breadcrumb\",\"itemListElement\":[{\"@type\":\"ListItem\",\"position\":1,\"name\":\"Startseite\",\"item\":\"https:\/\/zan-bb.de\/\"},{\"@type\":\"ListItem\",\"position\":2,\"name\":\"Gebietskulisse\"}]},{\"@type\":\"WebSite\",\"@id\":\"https:\/\/zan-bb.de\/#website\",\"url\":\"https:\/\/zan-bb.de\/\",\"name\":\"ZAN-bb\",\"description\":\"Zentrum angewandter Naturschutz in Brandenburg gGmbH\",\"publisher\":{\"@id\":\"https:\/\/zan-bb.de\/#organization\"},\"potentialAction\":[{\"@type\":\"SearchAction\",\"target\":{\"@type\":\"EntryPoint\",\"urlTemplate\":\"https:\/\/zan-bb.de\/?s={search_term_string}\"},\"query-input\":\"required name=search_term_string\"}],\"inLanguage\":\"de\"},{\"@type\":\"Organization\",\"@id\":\"https:\/\/zan-bb.de\/#organization\",\"name\":\"ZAN-bb\",\"url\":\"https:\/\/zan-bb.de\/\",\"logo\":{\"@type\":\"ImageObject\",\"inLanguage\":\"de\",\"@id\":\"https:\/\/zan-bb.de\/#\/schema\/logo\/image\/\",\"url\":\"https:\/\/zan-bb.de\/wp-content\/uploads\/2020\/05\/cropped-ZAN-logo-trans.png\",\"contentUrl\":\"https:\/\/zan-bb.de\/wp-content\/uploads\/2020\/05\/cropped-ZAN-logo-trans.png\",\"width\":250,\"height\":250,\"caption\":\"ZAN-bb\"},\"image\":{\"@id\":\"https:\/\/zan-bb.de\/#\/schema\/logo\/image\/\"}}]}<\/script>\n<!-- \/ Yoast SEO plugin. -->","yoast_head_json":{"title":"Gebietskulisse - ZAN-bb","robots":{"index":"index","follow":"follow","max-snippet":"max-snippet:-1","max-image-preview":"max-image-preview:large","max-video-preview":"max-video-preview:-1"},"canonical":"http:\/\/zan-bb.de\/?page_id=337","og_locale":"de_DE","og_type":"article","og_title":"Gebietskulisse - ZAN-bb","og_description":"Die Natura-2000-Gebiete, in denen wir im Rahmen der Umweltsensibilisierungsprojekte aktiv sind, werden in der \u00dcbersichtskarte abgebildet. Das Projekt ist auf die Vorbereitung der Ma\u00dfnahmenumsetzung in einer ausgew\u00e4hlten Kulisse aus FFH-Gebieten bzw. Gebietskomplexen in Brandenburg ausgelegt. Die Auswahl der Gebiete orientierte sich an den durch das Landesamt f\u00fcr Umwelt (LfU) festgelegten Schwerpunktr\u00e4umen f\u00fcr die Ma\u00dfnahmenumsetzung, der &hellip; \u201eGebietskulisse\u201c weiterlesen","og_url":"http:\/\/zan-bb.de\/?page_id=337","og_site_name":"ZAN-bb","article_modified_time":"2025-03-28T08:05:50+00:00","twitter_card":"summary_large_image","twitter_misc":{"Gesch\u00e4tzte Lesezeit":"1\u00a0Minute"},"schema":{"@context":"https:\/\/schema.org","@graph":[{"@type":"WebPage","@id":"http:\/\/zan-bb.de\/?page_id=337","url":"http:\/\/zan-bb.de\/?page_id=337","name":"Gebietskulisse - ZAN-bb","isPartOf":{"@id":"https:\/\/zan-bb.de\/#website"},"datePublished":"2023-11-22T11:40:32+00:00","dateModified":"2025-03-28T08:05:50+00:00","breadcrumb":{"@id":"http:\/\/zan-bb.de\/?page_id=337#breadcrumb"},"inLanguage":"de","potentialAction":[{"@type":"ReadAction","target":["http:\/\/zan-bb.de\/?page_id=337"]}]},{"@type":"BreadcrumbList","@id":"http:\/\/zan-bb.de\/?page_id=337#breadcrumb","itemListElement":[{"@type":"ListItem","position":1,"name":"Startseite","item":"https:\/\/zan-bb.de\/"},{"@type":"ListItem","position":2,"name":"Gebietskulisse"}]},{"@type":"WebSite","@id":"https:\/\/zan-bb.de\/#website","url":"https:\/\/zan-bb.de\/","name":"ZAN-bb","description":"Zentrum angewandter Naturschutz in Brandenburg gGmbH","publisher":{"@id":"https:\/\/zan-bb.de\/#organization"},"potentialAction":[{"@type":"SearchAction","target":{"@type":"EntryPoint","urlTemplate":"https:\/\/zan-bb.de\/?s={search_term_string}"},"query-input":"required name=search_term_string"}],"inLanguage":"de"},{"@type":"Organization","@id":"https:\/\/zan-bb.de\/#organization","name":"ZAN-bb","url":"https:\/\/zan-bb.de\/","logo":{"@type":"ImageObject","inLanguage":"de","@id":"https:\/\/zan-bb.de\/#\/schema\/logo\/image\/","url":"https:\/\/zan-bb.de\/wp-content\/uploads\/2020\/05\/cropped-ZAN-logo-trans.png","contentUrl":"https:\/\/zan-bb.de\/wp-content\/uploads\/2020\/05\/cropped-ZAN-logo-trans.png","width":250,"height":250,"caption":"ZAN-bb"},"image":{"@id":"https:\/\/zan-bb.de\/#\/schema\/logo\/image\/"}}]}},"_links":{"self":[{"href":"https:\/\/zan-bb.de\/index.php?rest_route=\/wp\/v2\/pages\/337"}],"collection":[{"href":"https:\/\/zan-bb.de\/index.php?rest_route=\/wp\/v2\/pages"}],"about":[{"href":"https:\/\/zan-bb.de\/index.php?rest_route=\/wp\/v2\/types\/page"}],"author":[{"embeddable":true,"href":"https:\/\/zan-bb.de\/index.php?rest_route=\/wp\/v2\/users\/1"}],"replies":[{"embeddable":true,"href":"https:\/\/zan-bb.de\/index.php?rest_route=%2Fwp%2Fv2%2Fcomments&post=337"}],"version-history":[{"count":37,"href":"https:\/\/zan-bb.de\/index.php?rest_route=\/wp\/v2\/pages\/337\/revisions"}],"predecessor-version":[{"id":1467,"href":"https:\/\/zan-bb.de\/index.php?rest_route=\/wp\/v2\/pages\/337\/revisions\/1467"}],"wp:attachment":[{"href":"https:\/\/zan-bb.de\/index.php?rest_route=%2Fwp%2Fv2%2Fmedia&parent=337"}],"curies":[{"name":"wp","href":"https:\/\/api.w.org\/{rel}","templated":true}]}}