{"id":373,"date":"2023-11-23T08:03:22","date_gmt":"2023-11-23T08:03:22","guid":{"rendered":"https:\/\/zan-bb.de\/?page_id=373"},"modified":"2023-12-13T11:54:43","modified_gmt":"2023-12-13T11:54:43","slug":"ffh-gebiet-buschschleuse","status":"publish","type":"page","link":"https:\/\/zan-bb.de\/?page_id=373","title":{"rendered":"FFH-Gebiet Buschschleuse"},"content":{"rendered":"\n<div class=\"wp-block-columns is-layout-flex wp-container-core-columns-layout-1 wp-block-columns-is-layout-flex\">\n<div class=\"wp-block-column is-layout-flow wp-block-column-is-layout-flow\">\n<figure class=\"wp-block-image size-full is-resized\"><img loading=\"lazy\" decoding=\"async\" width=\"505\" height=\"382\" src=\"https:\/\/zan-bb.de\/wp-content\/uploads\/2023\/12\/123.png\" alt=\"\" class=\"wp-image-940\" style=\"aspect-ratio:1.3219895287958114;width:369px;height:auto\" srcset=\"https:\/\/zan-bb.de\/wp-content\/uploads\/2023\/12\/123.png 505w, https:\/\/zan-bb.de\/wp-content\/uploads\/2023\/12\/123-300x227.png 300w\" sizes=\"(max-width: 505px) 100vw, 505px\" \/><figcaption class=\"wp-element-caption\">FFH-Gebiet vor den Pflegema\u00dfnahmen<\/figcaption><\/figure>\n<\/div>\n\n\n\n<div class=\"wp-block-column is-layout-flow wp-block-column-is-layout-flow\">\n<figure class=\"wp-block-image size-full is-resized\"><img loading=\"lazy\" decoding=\"async\" width=\"1019\" height=\"760\" src=\"http:\/\/zan-bb.de\/wp-content\/uploads\/2023\/11\/grafik-4.png\" alt=\"\" class=\"wp-image-377\" style=\"aspect-ratio:1.3407894736842105;width:373px;height:auto\" srcset=\"https:\/\/zan-bb.de\/wp-content\/uploads\/2023\/11\/grafik-4.png 1019w, https:\/\/zan-bb.de\/wp-content\/uploads\/2023\/11\/grafik-4-300x224.png 300w, https:\/\/zan-bb.de\/wp-content\/uploads\/2023\/11\/grafik-4-768x573.png 768w\" sizes=\"(max-width: 767px) 89vw, (max-width: 1000px) 54vw, (max-width: 1071px) 543px, 580px\" \/><figcaption class=\"wp-element-caption\">FFH-Gebiet nach den Pflegema\u00dfnahmen<\/figcaption><\/figure>\n<\/div>\n<\/div>\n\n\n\n<p>Das FFH-Gebiet \u201eBuschschleuse\u201c (DE 3752-301) befindet sich im Osten von Brandenburg, etwa 12 km s\u00fcdwestlich von Frankfurt\/Oder zwischen der Autobahn A12 und dem Oder-Spree-Kanal. Mit einer Gesamtfl\u00e4che von ca. 1.240 ha erstreckt sich das Schutzgebiet \u00fcber einen Teilbereich des ehemaligen Truppen\u00fcbungsplatzes \u201eDubrow\u201c und setzt sich aus einer allgemeinen Schutzgebietsfl\u00e4che (79%) sowie einem Kernbereich (21%) zusammen.<\/p>\n\n\n\n<p>Durch die Nutzung des heutigen FFH-Gebietes als milit\u00e4risches \u00dcbungsgel\u00e4nde wurde ein typisches Relief geschaffen, das beispielsweise durch das Vorhandensein von offenen Sandstellen, kleinen Steilw\u00e4nden sowie wechselfeuchten Senken gekennzeichnet ist.<\/p>\n\n\n\n<p>Die \u201eBuschschleuse\u201c ist mit dem Ziel als FFH-Gebiet in das Natura 2000-Netz aufgenommen worden, um die hier vorkommenden FFH-Lebensraumtypen \u201eTrockene europ\u00e4ische Heiden\u201c (LRT 4030), \u201eTrockene Sandheiden mit <em>Calluna <\/em>und <em>Genista<\/em>\u201c (LRT 2310) sowie \u201eD\u00fcnen mit offenen Grasfl\u00e4chen mit <em>Corynephorus <\/em>und <em>Agrostis<\/em>\u201c (LRT 2330), einschlie\u00dflich ihrer an sie gebundenen Tier- und Pflanzenarten, zu erhalten und zu entwickeln.<\/p>\n\n\n\n<p><strong>Pflegema\u00dfnahmen<\/strong><\/p>\n\n\n\n<p>Im FFH-Gebiet &#8222;Buschschleuse&#8220; wurde auf 9 ha der Lebensraumtyp \u201eTrockene europ\u00e4ische Heiden\u201c (LRT 4030), \u201eTrockene Sandheiden mit <em>Calluna <\/em>und <em>Genista<\/em>\u201c (LRT 2310) sowie \u201eD\u00fcnen mit offenen Grasfl\u00e4chen mit <em>Corynephorus <\/em>und <em>Agrostis<\/em>\u201c (LRT 2330) revitalisiert. <\/p>\n\n\n\n<ul>\n<li>Zur langfristigen Besonnung der Heide und zur Sicherung der Offenlandstruktur wurden die herangewachsenen Sukzessionsgeh\u00f6lze entnommen.<\/li>\n\n\n\n<li>Es wurde eine Mahd des \u00fcberalterten Heidekrautes durchgef\u00fchrt.<\/li>\n<\/ul>\n\n\n\n<p>Durch die erfolgten Pflegema\u00dfnahmen kann jetzt auf der gesamten Fl\u00e4che von 9 ha eine preiswerte und dauerhafte Pflege durch Beweidung erfolgen. Die Beweidung mit robusten Schafsorten und Ziegen unterdr\u00fcckt erfolgreich die Besiedlung des Offenlands mit Sukzessionsgeh\u00f6lzen. <\/p>\n\n\n\n<p>In der &#8222;Buschschleuse&#8220; ist somit der Erhalt dieses empfindlichen und pflegebed\u00fcrftigen Lebensraums gesichert.<\/p>\n\n\n<div class=\"wp-block-image\">\n<figure class=\"aligncenter size-full is-resized\"><img loading=\"lazy\" decoding=\"async\" width=\"421\" height=\"276\" src=\"http:\/\/zan-bb.de\/wp-content\/uploads\/2023\/12\/456.png\" alt=\"\" class=\"wp-image-945\" style=\"aspect-ratio:1.5253623188405796;width:469px;height:auto\" srcset=\"https:\/\/zan-bb.de\/wp-content\/uploads\/2023\/12\/456.png 421w, https:\/\/zan-bb.de\/wp-content\/uploads\/2023\/12\/456-300x197.png 300w\" sizes=\"(max-width: 421px) 100vw, 421px\" \/><figcaption class=\"wp-element-caption\">Sammelmulchen der Altheide<\/figcaption><\/figure><\/div>","protected":false},"excerpt":{"rendered":"<p>Das FFH-Gebiet \u201eBuschschleuse\u201c (DE 3752-301) befindet sich im Osten von Brandenburg, etwa 12 km s\u00fcdwestlich von Frankfurt\/Oder zwischen der Autobahn A12 und dem Oder-Spree-Kanal. Mit einer Gesamtfl\u00e4che von ca. 1.240 ha erstreckt sich das Schutzgebiet \u00fcber einen Teilbereich des ehemaligen Truppen\u00fcbungsplatzes \u201eDubrow\u201c und setzt sich aus einer allgemeinen Schutzgebietsfl\u00e4che (79%) sowie einem Kernbereich (21%) zusammen. &hellip; <\/p>\n<p class=\"link-more\"><a href=\"https:\/\/zan-bb.de\/?page_id=373\" class=\"more-link\"><span class=\"screen-reader-text\">\u201eFFH-Gebiet Buschschleuse\u201c<\/span> weiterlesen<\/a><\/p>\n","protected":false},"author":1,"featured_media":0,"parent":0,"menu_order":0,"comment_status":"closed","ping_status":"closed","template":"","meta":{"footnotes":""},"yoast_head":"<!-- This site is optimized with the Yoast SEO plugin v21.9.1 - https:\/\/yoast.com\/wordpress\/plugins\/seo\/ -->\n<title>FFH-Gebiet Buschschleuse - ZAN-bb<\/title>\n<meta name=\"robots\" content=\"index, follow, max-snippet:-1, max-image-preview:large, max-video-preview:-1\" \/>\n<link rel=\"canonical\" href=\"http:\/\/zan-bb.de\/?page_id=373\" \/>\n<meta property=\"og:locale\" content=\"de_DE\" \/>\n<meta property=\"og:type\" content=\"article\" \/>\n<meta property=\"og:title\" content=\"FFH-Gebiet Buschschleuse - ZAN-bb\" \/>\n<meta property=\"og:description\" content=\"Das FFH-Gebiet \u201eBuschschleuse\u201c (DE 3752-301) befindet sich im Osten von Brandenburg, etwa 12 km s\u00fcdwestlich von Frankfurt\/Oder zwischen der Autobahn A12 und dem Oder-Spree-Kanal. Mit einer Gesamtfl\u00e4che von ca. 1.240 ha erstreckt sich das Schutzgebiet \u00fcber einen Teilbereich des ehemaligen Truppen\u00fcbungsplatzes \u201eDubrow\u201c und setzt sich aus einer allgemeinen Schutzgebietsfl\u00e4che (79%) sowie einem Kernbereich (21%) zusammen. &hellip; \u201eFFH-Gebiet Buschschleuse\u201c weiterlesen\" \/>\n<meta property=\"og:url\" content=\"http:\/\/zan-bb.de\/?page_id=373\" \/>\n<meta property=\"og:site_name\" content=\"ZAN-bb\" \/>\n<meta property=\"article:modified_time\" content=\"2023-12-13T11:54:43+00:00\" \/>\n<meta property=\"og:image\" content=\"https:\/\/zan-bb.de\/wp-content\/uploads\/2023\/12\/123.png\" \/>\n<meta name=\"twitter:card\" content=\"summary_large_image\" \/>\n<meta name=\"twitter:label1\" content=\"Gesch\u00e4tzte Lesezeit\" \/>\n\t<meta name=\"twitter:data1\" content=\"3\u00a0Minuten\" \/>\n<script type=\"application\/ld+json\" class=\"yoast-schema-graph\">{\"@context\":\"https:\/\/schema.org\",\"@graph\":[{\"@type\":\"WebPage\",\"@id\":\"http:\/\/zan-bb.de\/?page_id=373\",\"url\":\"http:\/\/zan-bb.de\/?page_id=373\",\"name\":\"FFH-Gebiet Buschschleuse - ZAN-bb\",\"isPartOf\":{\"@id\":\"https:\/\/zan-bb.de\/#website\"},\"datePublished\":\"2023-11-23T08:03:22+00:00\",\"dateModified\":\"2023-12-13T11:54:43+00:00\",\"breadcrumb\":{\"@id\":\"http:\/\/zan-bb.de\/?page_id=373#breadcrumb\"},\"inLanguage\":\"de\",\"potentialAction\":[{\"@type\":\"ReadAction\",\"target\":[\"http:\/\/zan-bb.de\/?page_id=373\"]}]},{\"@type\":\"BreadcrumbList\",\"@id\":\"http:\/\/zan-bb.de\/?page_id=373#breadcrumb\",\"itemListElement\":[{\"@type\":\"ListItem\",\"position\":1,\"name\":\"Startseite\",\"item\":\"https:\/\/zan-bb.de\/\"},{\"@type\":\"ListItem\",\"position\":2,\"name\":\"FFH-Gebiet Buschschleuse\"}]},{\"@type\":\"WebSite\",\"@id\":\"https:\/\/zan-bb.de\/#website\",\"url\":\"https:\/\/zan-bb.de\/\",\"name\":\"ZAN-bb\",\"description\":\"Zentrum angewandter Naturschutz in Brandenburg gGmbH\",\"publisher\":{\"@id\":\"https:\/\/zan-bb.de\/#organization\"},\"potentialAction\":[{\"@type\":\"SearchAction\",\"target\":{\"@type\":\"EntryPoint\",\"urlTemplate\":\"https:\/\/zan-bb.de\/?s={search_term_string}\"},\"query-input\":\"required name=search_term_string\"}],\"inLanguage\":\"de\"},{\"@type\":\"Organization\",\"@id\":\"https:\/\/zan-bb.de\/#organization\",\"name\":\"ZAN-bb\",\"url\":\"https:\/\/zan-bb.de\/\",\"logo\":{\"@type\":\"ImageObject\",\"inLanguage\":\"de\",\"@id\":\"https:\/\/zan-bb.de\/#\/schema\/logo\/image\/\",\"url\":\"https:\/\/zan-bb.de\/wp-content\/uploads\/2020\/05\/cropped-ZAN-logo-trans.png\",\"contentUrl\":\"https:\/\/zan-bb.de\/wp-content\/uploads\/2020\/05\/cropped-ZAN-logo-trans.png\",\"width\":250,\"height\":250,\"caption\":\"ZAN-bb\"},\"image\":{\"@id\":\"https:\/\/zan-bb.de\/#\/schema\/logo\/image\/\"}}]}<\/script>\n<!-- \/ Yoast SEO plugin. -->","yoast_head_json":{"title":"FFH-Gebiet Buschschleuse - ZAN-bb","robots":{"index":"index","follow":"follow","max-snippet":"max-snippet:-1","max-image-preview":"max-image-preview:large","max-video-preview":"max-video-preview:-1"},"canonical":"http:\/\/zan-bb.de\/?page_id=373","og_locale":"de_DE","og_type":"article","og_title":"FFH-Gebiet Buschschleuse - ZAN-bb","og_description":"Das FFH-Gebiet \u201eBuschschleuse\u201c (DE 3752-301) befindet sich im Osten von Brandenburg, etwa 12 km s\u00fcdwestlich von Frankfurt\/Oder zwischen der Autobahn A12 und dem Oder-Spree-Kanal. Mit einer Gesamtfl\u00e4che von ca. 1.240 ha erstreckt sich das Schutzgebiet \u00fcber einen Teilbereich des ehemaligen Truppen\u00fcbungsplatzes \u201eDubrow\u201c und setzt sich aus einer allgemeinen Schutzgebietsfl\u00e4che (79%) sowie einem Kernbereich (21%) zusammen. &hellip; \u201eFFH-Gebiet Buschschleuse\u201c weiterlesen","og_url":"http:\/\/zan-bb.de\/?page_id=373","og_site_name":"ZAN-bb","article_modified_time":"2023-12-13T11:54:43+00:00","og_image":[{"url":"https:\/\/zan-bb.de\/wp-content\/uploads\/2023\/12\/123.png"}],"twitter_card":"summary_large_image","twitter_misc":{"Gesch\u00e4tzte Lesezeit":"3\u00a0Minuten"},"schema":{"@context":"https:\/\/schema.org","@graph":[{"@type":"WebPage","@id":"http:\/\/zan-bb.de\/?page_id=373","url":"http:\/\/zan-bb.de\/?page_id=373","name":"FFH-Gebiet Buschschleuse - ZAN-bb","isPartOf":{"@id":"https:\/\/zan-bb.de\/#website"},"datePublished":"2023-11-23T08:03:22+00:00","dateModified":"2023-12-13T11:54:43+00:00","breadcrumb":{"@id":"http:\/\/zan-bb.de\/?page_id=373#breadcrumb"},"inLanguage":"de","potentialAction":[{"@type":"ReadAction","target":["http:\/\/zan-bb.de\/?page_id=373"]}]},{"@type":"BreadcrumbList","@id":"http:\/\/zan-bb.de\/?page_id=373#breadcrumb","itemListElement":[{"@type":"ListItem","position":1,"name":"Startseite","item":"https:\/\/zan-bb.de\/"},{"@type":"ListItem","position":2,"name":"FFH-Gebiet Buschschleuse"}]},{"@type":"WebSite","@id":"https:\/\/zan-bb.de\/#website","url":"https:\/\/zan-bb.de\/","name":"ZAN-bb","description":"Zentrum angewandter Naturschutz in Brandenburg gGmbH","publisher":{"@id":"https:\/\/zan-bb.de\/#organization"},"potentialAction":[{"@type":"SearchAction","target":{"@type":"EntryPoint","urlTemplate":"https:\/\/zan-bb.de\/?s={search_term_string}"},"query-input":"required name=search_term_string"}],"inLanguage":"de"},{"@type":"Organization","@id":"https:\/\/zan-bb.de\/#organization","name":"ZAN-bb","url":"https:\/\/zan-bb.de\/","logo":{"@type":"ImageObject","inLanguage":"de","@id":"https:\/\/zan-bb.de\/#\/schema\/logo\/image\/","url":"https:\/\/zan-bb.de\/wp-content\/uploads\/2020\/05\/cropped-ZAN-logo-trans.png","contentUrl":"https:\/\/zan-bb.de\/wp-content\/uploads\/2020\/05\/cropped-ZAN-logo-trans.png","width":250,"height":250,"caption":"ZAN-bb"},"image":{"@id":"https:\/\/zan-bb.de\/#\/schema\/logo\/image\/"}}]}},"_links":{"self":[{"href":"https:\/\/zan-bb.de\/index.php?rest_route=\/wp\/v2\/pages\/373"}],"collection":[{"href":"https:\/\/zan-bb.de\/index.php?rest_route=\/wp\/v2\/pages"}],"about":[{"href":"https:\/\/zan-bb.de\/index.php?rest_route=\/wp\/v2\/types\/page"}],"author":[{"embeddable":true,"href":"https:\/\/zan-bb.de\/index.php?rest_route=\/wp\/v2\/users\/1"}],"replies":[{"embeddable":true,"href":"https:\/\/zan-bb.de\/index.php?rest_route=%2Fwp%2Fv2%2Fcomments&post=373"}],"version-history":[{"count":11,"href":"https:\/\/zan-bb.de\/index.php?rest_route=\/wp\/v2\/pages\/373\/revisions"}],"predecessor-version":[{"id":946,"href":"https:\/\/zan-bb.de\/index.php?rest_route=\/wp\/v2\/pages\/373\/revisions\/946"}],"wp:attachment":[{"href":"https:\/\/zan-bb.de\/index.php?rest_route=%2Fwp%2Fv2%2Fmedia&parent=373"}],"curies":[{"name":"wp","href":"https:\/\/api.w.org\/{rel}","templated":true}]}}