{"id":396,"date":"2023-11-23T08:34:47","date_gmt":"2023-11-23T08:34:47","guid":{"rendered":"https:\/\/zan-bb.de\/?page_id=396"},"modified":"2023-12-19T10:10:26","modified_gmt":"2023-12-19T10:10:26","slug":"ffh-gebiet-staakower-heide","status":"publish","type":"page","link":"https:\/\/zan-bb.de\/?page_id=396","title":{"rendered":"FFH-Gebiet Staakower Heide"},"content":{"rendered":"\n<div class=\"wp-block-columns is-layout-flex wp-container-core-columns-layout-1 wp-block-columns-is-layout-flex\">\n<div class=\"wp-block-column is-layout-flow wp-block-column-is-layout-flow\">\n<figure class=\"wp-block-image size-large is-resized\"><img loading=\"lazy\" decoding=\"async\" width=\"1024\" height=\"684\" src=\"http:\/\/zan-bb.de\/wp-content\/uploads\/2023\/12\/P6016675-1024x684.jpg\" alt=\"\" class=\"wp-image-922\" style=\"aspect-ratio:1.4970760233918128;width:367px;height:auto\" srcset=\"https:\/\/zan-bb.de\/wp-content\/uploads\/2023\/12\/P6016675-1024x684.jpg 1024w, https:\/\/zan-bb.de\/wp-content\/uploads\/2023\/12\/P6016675-300x200.jpg 300w, https:\/\/zan-bb.de\/wp-content\/uploads\/2023\/12\/P6016675-768x513.jpg 768w, https:\/\/zan-bb.de\/wp-content\/uploads\/2023\/12\/P6016675-1536x1026.jpg 1536w, https:\/\/zan-bb.de\/wp-content\/uploads\/2023\/12\/P6016675-2048x1368.jpg 2048w\" sizes=\"(max-width: 767px) 89vw, (max-width: 1000px) 54vw, (max-width: 1071px) 543px, 580px\" \/><figcaption class=\"wp-element-caption\">FFH-Gebiet vor den Pflegema\u00dfnahmen<\/figcaption><\/figure>\n<\/div>\n\n\n\n<div class=\"wp-block-column is-layout-flow wp-block-column-is-layout-flow\">\n<figure class=\"wp-block-image size-large is-resized\"><img loading=\"lazy\" decoding=\"async\" width=\"1024\" height=\"683\" src=\"http:\/\/zan-bb.de\/wp-content\/uploads\/2023\/12\/STA-Heidebluehte-Sep-2022-nice-1024x683.jpg\" alt=\"\" class=\"wp-image-920\" style=\"aspect-ratio:1.499267935578331;width:368px;height:auto\" srcset=\"https:\/\/zan-bb.de\/wp-content\/uploads\/2023\/12\/STA-Heidebluehte-Sep-2022-nice-1024x683.jpg 1024w, https:\/\/zan-bb.de\/wp-content\/uploads\/2023\/12\/STA-Heidebluehte-Sep-2022-nice-300x200.jpg 300w, https:\/\/zan-bb.de\/wp-content\/uploads\/2023\/12\/STA-Heidebluehte-Sep-2022-nice-768x512.jpg 768w, https:\/\/zan-bb.de\/wp-content\/uploads\/2023\/12\/STA-Heidebluehte-Sep-2022-nice-1536x1024.jpg 1536w, https:\/\/zan-bb.de\/wp-content\/uploads\/2023\/12\/STA-Heidebluehte-Sep-2022-nice-2048x1365.jpg 2048w\" sizes=\"(max-width: 767px) 89vw, (max-width: 1000px) 54vw, (max-width: 1071px) 543px, 580px\" \/><figcaption class=\"wp-element-caption\">FFH-Gebiet nach den Pflegema\u00dfnahmen<\/figcaption><\/figure>\n<\/div>\n<\/div>\n\n\n\n<p>Das FFH-Gebiet \u201eLieberoser Endmor\u00e4ne und Staakower L\u00e4uche\u201c (DE 4051-301) befindet sich im S\u00fcdosten von Brandenburg, etwa 30 km n\u00f6rdlich von Cottbus, und liegt zum \u00fcberwiegenden Teil im Landkreis Dahme-Spreewald. Es ist Teil des ehemaligen Truppen\u00fcbungsplatzes \u201eLieberose\u201c und nimmt eine Fl\u00e4che von insgesamt 8.255 ha ein. Das Teilgebiet \u201eStaakower Heide\u201c befindet sich im Landkreis Spree-Nei\u00dfe und nimmt mit 1.600 ha etwa 20% der Gesamtfl\u00e4che des FFH-Gebietes ein. Die jahrzehntelange milit\u00e4rische Nutzung, welche die aufkommende Vegetation immer wieder vernichtete, brachte weitr\u00e4umige Offenlandschaften hervor, die sich durch europaweit seltene und gef\u00e4hrdete Lebensraumtypen und Arten auszeichnen.<\/p>\n\n\n\n<p>Die \u201eLieberoser Endmor\u00e4ne und Staakower L\u00e4uche\u201c sind unter anderem mit dem Ziel als FFH-Gebiet in das Natura 2000-Netz aufgenommen worden, um die hier vorkommenden FFH-Lebensraumtypen \u201eTrockene europ\u00e4ische Heiden\u201c (LRT 4030), einschlie\u00dflich ihrer an sie gebundenen Tier- und Pflanzenarten, zu erhalten und zu entwickeln. Dar\u00fcber hinaus sieht der Bewirtschaftungserlass f\u00fcr das Teilgebiet \u201eStaakower Heide\u201c auch die Erhaltung, Entwicklung und Wiederherstellung von Trockenrasen sowie Ma\u00dfnahmen zum Schutz der Lebensr\u00e4ume seltener oder gef\u00e4hrdeter Arten vor.<\/p>\n\n\n\n<p><strong>Pflegema\u00dfnahmen<\/strong><\/p>\n\n\n\n<p>Im FFH-Gebiet &#8222;Staakower Heide&#8220; wurde auf 70 ha der Lebensraumtyp trockene europ\u00e4ische Heide (LRT 4030) revitalisiert. <\/p>\n\n\n\n<ul>\n<li>Zur langfristigen Besonnung der Heide und zur Sicherung der Offenlandstruktur wurden die herangewachsenen Sukzessionsgeh\u00f6lze entnommen.<\/li>\n\n\n\n<li>Es wurde eine Mahd (Sammelmulchen) des \u00fcberalterten Heidekrautes unter streifenf\u00f6rmiger Erhaltung von ca. 10 % Alt-Heide durchgef\u00fchrt.<\/li>\n\n\n\n<li>Dar\u00fcber hinaus wurden Teilbereiche, die eine starke Vermoosung aufwiesen, durch eine tief ansetzende Mahd (Schoppern) gepflegt.<\/li>\n<\/ul>\n\n\n\n<p>Durch die erfolgten Pflegema\u00dfnahmen kann jetzt auf der gesamten Fl\u00e4che von 70 ha eine preiswerte und dauerhafte Pflege durch Beweidung erfolgen. Die Beweidung mit robusten Schafsorten und Ziegen unterdr\u00fcckt erfolgreich die Besiedlung des Offenlands mit Sukzessionsgeh\u00f6lzen. <\/p>\n\n\n\n<p>In der &#8222;Staakower Heide&#8220; ist somit der Erhalt dieses empfindlichen und pflegebed\u00fcrftigen Lebensraums gesichert. <\/p>\n\n\n<div class=\"wp-block-image\">\n<figure class=\"aligncenter size-large is-resized\"><img loading=\"lazy\" decoding=\"async\" width=\"1024\" height=\"576\" src=\"http:\/\/zan-bb.de\/wp-content\/uploads\/2023\/11\/PXL_20220308_101935635-1024x576.jpg\" alt=\"\" class=\"wp-image-414\" style=\"aspect-ratio:1.7777777777777777;width:556px;height:auto\" srcset=\"https:\/\/zan-bb.de\/wp-content\/uploads\/2023\/11\/PXL_20220308_101935635-1024x576.jpg 1024w, https:\/\/zan-bb.de\/wp-content\/uploads\/2023\/11\/PXL_20220308_101935635-300x169.jpg 300w, https:\/\/zan-bb.de\/wp-content\/uploads\/2023\/11\/PXL_20220308_101935635-768x432.jpg 768w, https:\/\/zan-bb.de\/wp-content\/uploads\/2023\/11\/PXL_20220308_101935635-1536x864.jpg 1536w, https:\/\/zan-bb.de\/wp-content\/uploads\/2023\/11\/PXL_20220308_101935635-2048x1152.jpg 2048w\" sizes=\"(max-width: 767px) 89vw, (max-width: 1000px) 54vw, (max-width: 1071px) 543px, 580px\" \/><figcaption class=\"wp-element-caption\">Mahd (Sammelmulchen) des \u00fcberalterten Heidekrautes<\/figcaption><\/figure><\/div>","protected":false},"excerpt":{"rendered":"<p>Das FFH-Gebiet \u201eLieberoser Endmor\u00e4ne und Staakower L\u00e4uche\u201c (DE 4051-301) befindet sich im S\u00fcdosten von Brandenburg, etwa 30 km n\u00f6rdlich von Cottbus, und liegt zum \u00fcberwiegenden Teil im Landkreis Dahme-Spreewald. Es ist Teil des ehemaligen Truppen\u00fcbungsplatzes \u201eLieberose\u201c und nimmt eine Fl\u00e4che von insgesamt 8.255 ha ein. Das Teilgebiet \u201eStaakower Heide\u201c befindet sich im Landkreis Spree-Nei\u00dfe und &hellip; <\/p>\n<p class=\"link-more\"><a href=\"https:\/\/zan-bb.de\/?page_id=396\" class=\"more-link\"><span class=\"screen-reader-text\">\u201eFFH-Gebiet Staakower Heide\u201c<\/span> weiterlesen<\/a><\/p>\n","protected":false},"author":1,"featured_media":0,"parent":0,"menu_order":0,"comment_status":"closed","ping_status":"closed","template":"","meta":{"footnotes":""},"yoast_head":"<!-- This site is optimized with the Yoast SEO plugin v21.9.1 - https:\/\/yoast.com\/wordpress\/plugins\/seo\/ -->\n<title>FFH-Gebiet Staakower Heide - ZAN-bb<\/title>\n<meta name=\"robots\" content=\"index, follow, max-snippet:-1, max-image-preview:large, max-video-preview:-1\" \/>\n<link rel=\"canonical\" href=\"https:\/\/zan-bb.de\/?page_id=396\" \/>\n<meta property=\"og:locale\" content=\"de_DE\" \/>\n<meta property=\"og:type\" content=\"article\" \/>\n<meta property=\"og:title\" content=\"FFH-Gebiet Staakower Heide - ZAN-bb\" \/>\n<meta property=\"og:description\" content=\"Das FFH-Gebiet \u201eLieberoser Endmor\u00e4ne und Staakower L\u00e4uche\u201c (DE 4051-301) befindet sich im S\u00fcdosten von Brandenburg, etwa 30 km n\u00f6rdlich von Cottbus, und liegt zum \u00fcberwiegenden Teil im Landkreis Dahme-Spreewald. Es ist Teil des ehemaligen Truppen\u00fcbungsplatzes \u201eLieberose\u201c und nimmt eine Fl\u00e4che von insgesamt 8.255 ha ein. Das Teilgebiet \u201eStaakower Heide\u201c befindet sich im Landkreis Spree-Nei\u00dfe und &hellip; \u201eFFH-Gebiet Staakower Heide\u201c weiterlesen\" \/>\n<meta property=\"og:url\" content=\"https:\/\/zan-bb.de\/?page_id=396\" \/>\n<meta property=\"og:site_name\" content=\"ZAN-bb\" \/>\n<meta property=\"article:modified_time\" content=\"2023-12-19T10:10:26+00:00\" \/>\n<meta property=\"og:image\" content=\"http:\/\/zan-bb.de\/wp-content\/uploads\/2023\/12\/P6016675-1024x684.jpg\" \/>\n<meta name=\"twitter:card\" content=\"summary_large_image\" \/>\n<meta name=\"twitter:label1\" content=\"Gesch\u00e4tzte Lesezeit\" \/>\n\t<meta name=\"twitter:data1\" content=\"3\u00a0Minuten\" \/>\n<script type=\"application\/ld+json\" class=\"yoast-schema-graph\">{\"@context\":\"https:\/\/schema.org\",\"@graph\":[{\"@type\":\"WebPage\",\"@id\":\"https:\/\/zan-bb.de\/?page_id=396\",\"url\":\"https:\/\/zan-bb.de\/?page_id=396\",\"name\":\"FFH-Gebiet Staakower Heide - ZAN-bb\",\"isPartOf\":{\"@id\":\"https:\/\/zan-bb.de\/#website\"},\"datePublished\":\"2023-11-23T08:34:47+00:00\",\"dateModified\":\"2023-12-19T10:10:26+00:00\",\"breadcrumb\":{\"@id\":\"https:\/\/zan-bb.de\/?page_id=396#breadcrumb\"},\"inLanguage\":\"de\",\"potentialAction\":[{\"@type\":\"ReadAction\",\"target\":[\"https:\/\/zan-bb.de\/?page_id=396\"]}]},{\"@type\":\"BreadcrumbList\",\"@id\":\"https:\/\/zan-bb.de\/?page_id=396#breadcrumb\",\"itemListElement\":[{\"@type\":\"ListItem\",\"position\":1,\"name\":\"Startseite\",\"item\":\"https:\/\/zan-bb.de\/\"},{\"@type\":\"ListItem\",\"position\":2,\"name\":\"FFH-Gebiet Staakower Heide\"}]},{\"@type\":\"WebSite\",\"@id\":\"https:\/\/zan-bb.de\/#website\",\"url\":\"https:\/\/zan-bb.de\/\",\"name\":\"ZAN-bb\",\"description\":\"Zentrum angewandter Naturschutz in Brandenburg gGmbH\",\"publisher\":{\"@id\":\"https:\/\/zan-bb.de\/#organization\"},\"potentialAction\":[{\"@type\":\"SearchAction\",\"target\":{\"@type\":\"EntryPoint\",\"urlTemplate\":\"https:\/\/zan-bb.de\/?s={search_term_string}\"},\"query-input\":\"required name=search_term_string\"}],\"inLanguage\":\"de\"},{\"@type\":\"Organization\",\"@id\":\"https:\/\/zan-bb.de\/#organization\",\"name\":\"ZAN-bb\",\"url\":\"https:\/\/zan-bb.de\/\",\"logo\":{\"@type\":\"ImageObject\",\"inLanguage\":\"de\",\"@id\":\"https:\/\/zan-bb.de\/#\/schema\/logo\/image\/\",\"url\":\"https:\/\/zan-bb.de\/wp-content\/uploads\/2020\/05\/cropped-ZAN-logo-trans.png\",\"contentUrl\":\"https:\/\/zan-bb.de\/wp-content\/uploads\/2020\/05\/cropped-ZAN-logo-trans.png\",\"width\":250,\"height\":250,\"caption\":\"ZAN-bb\"},\"image\":{\"@id\":\"https:\/\/zan-bb.de\/#\/schema\/logo\/image\/\"}}]}<\/script>\n<!-- \/ Yoast SEO plugin. -->","yoast_head_json":{"title":"FFH-Gebiet Staakower Heide - ZAN-bb","robots":{"index":"index","follow":"follow","max-snippet":"max-snippet:-1","max-image-preview":"max-image-preview:large","max-video-preview":"max-video-preview:-1"},"canonical":"https:\/\/zan-bb.de\/?page_id=396","og_locale":"de_DE","og_type":"article","og_title":"FFH-Gebiet Staakower Heide - ZAN-bb","og_description":"Das FFH-Gebiet \u201eLieberoser Endmor\u00e4ne und Staakower L\u00e4uche\u201c (DE 4051-301) befindet sich im S\u00fcdosten von Brandenburg, etwa 30 km n\u00f6rdlich von Cottbus, und liegt zum \u00fcberwiegenden Teil im Landkreis Dahme-Spreewald. Es ist Teil des ehemaligen Truppen\u00fcbungsplatzes \u201eLieberose\u201c und nimmt eine Fl\u00e4che von insgesamt 8.255 ha ein. Das Teilgebiet \u201eStaakower Heide\u201c befindet sich im Landkreis Spree-Nei\u00dfe und &hellip; \u201eFFH-Gebiet Staakower Heide\u201c weiterlesen","og_url":"https:\/\/zan-bb.de\/?page_id=396","og_site_name":"ZAN-bb","article_modified_time":"2023-12-19T10:10:26+00:00","og_image":[{"url":"http:\/\/zan-bb.de\/wp-content\/uploads\/2023\/12\/P6016675-1024x684.jpg"}],"twitter_card":"summary_large_image","twitter_misc":{"Gesch\u00e4tzte Lesezeit":"3\u00a0Minuten"},"schema":{"@context":"https:\/\/schema.org","@graph":[{"@type":"WebPage","@id":"https:\/\/zan-bb.de\/?page_id=396","url":"https:\/\/zan-bb.de\/?page_id=396","name":"FFH-Gebiet Staakower Heide - ZAN-bb","isPartOf":{"@id":"https:\/\/zan-bb.de\/#website"},"datePublished":"2023-11-23T08:34:47+00:00","dateModified":"2023-12-19T10:10:26+00:00","breadcrumb":{"@id":"https:\/\/zan-bb.de\/?page_id=396#breadcrumb"},"inLanguage":"de","potentialAction":[{"@type":"ReadAction","target":["https:\/\/zan-bb.de\/?page_id=396"]}]},{"@type":"BreadcrumbList","@id":"https:\/\/zan-bb.de\/?page_id=396#breadcrumb","itemListElement":[{"@type":"ListItem","position":1,"name":"Startseite","item":"https:\/\/zan-bb.de\/"},{"@type":"ListItem","position":2,"name":"FFH-Gebiet Staakower Heide"}]},{"@type":"WebSite","@id":"https:\/\/zan-bb.de\/#website","url":"https:\/\/zan-bb.de\/","name":"ZAN-bb","description":"Zentrum angewandter Naturschutz in Brandenburg gGmbH","publisher":{"@id":"https:\/\/zan-bb.de\/#organization"},"potentialAction":[{"@type":"SearchAction","target":{"@type":"EntryPoint","urlTemplate":"https:\/\/zan-bb.de\/?s={search_term_string}"},"query-input":"required name=search_term_string"}],"inLanguage":"de"},{"@type":"Organization","@id":"https:\/\/zan-bb.de\/#organization","name":"ZAN-bb","url":"https:\/\/zan-bb.de\/","logo":{"@type":"ImageObject","inLanguage":"de","@id":"https:\/\/zan-bb.de\/#\/schema\/logo\/image\/","url":"https:\/\/zan-bb.de\/wp-content\/uploads\/2020\/05\/cropped-ZAN-logo-trans.png","contentUrl":"https:\/\/zan-bb.de\/wp-content\/uploads\/2020\/05\/cropped-ZAN-logo-trans.png","width":250,"height":250,"caption":"ZAN-bb"},"image":{"@id":"https:\/\/zan-bb.de\/#\/schema\/logo\/image\/"}}]}},"_links":{"self":[{"href":"https:\/\/zan-bb.de\/index.php?rest_route=\/wp\/v2\/pages\/396"}],"collection":[{"href":"https:\/\/zan-bb.de\/index.php?rest_route=\/wp\/v2\/pages"}],"about":[{"href":"https:\/\/zan-bb.de\/index.php?rest_route=\/wp\/v2\/types\/page"}],"author":[{"embeddable":true,"href":"https:\/\/zan-bb.de\/index.php?rest_route=\/wp\/v2\/users\/1"}],"replies":[{"embeddable":true,"href":"https:\/\/zan-bb.de\/index.php?rest_route=%2Fwp%2Fv2%2Fcomments&post=396"}],"version-history":[{"count":11,"href":"https:\/\/zan-bb.de\/index.php?rest_route=\/wp\/v2\/pages\/396\/revisions"}],"predecessor-version":[{"id":1018,"href":"https:\/\/zan-bb.de\/index.php?rest_route=\/wp\/v2\/pages\/396\/revisions\/1018"}],"wp:attachment":[{"href":"https:\/\/zan-bb.de\/index.php?rest_route=%2Fwp%2Fv2%2Fmedia&parent=396"}],"curies":[{"name":"wp","href":"https:\/\/api.w.org\/{rel}","templated":true}]}}