{"id":708,"date":"2023-12-11T11:04:10","date_gmt":"2023-12-11T11:04:10","guid":{"rendered":"https:\/\/zan-bb.de\/?page_id=708"},"modified":"2023-12-13T10:26:22","modified_gmt":"2023-12-13T10:26:22","slug":"reitweiner-sporn-und-priesterschlucht-muehlen-und-zeisigberg","status":"publish","type":"page","link":"https:\/\/zan-bb.de\/?page_id=708","title":{"rendered":"Reitweiner Sporn und Priesterschlucht, M\u00fchlen- und Zeisigberg"},"content":{"rendered":"\n<p><strong>EU-Nr.:&nbsp;<\/strong>DE 3553-306<br><strong>Landesnr.:&nbsp;<\/strong>578<br><strong>Landkreis:<\/strong>&nbsp;M\u00e4rkisch-Oderland<br><strong>Gebietsgr\u00f6\u00dfe<\/strong>: 126 ha<\/p>\n\n\n\n<p class=\"has-medium-font-size\"><strong>Gebietscharakteristik<\/strong><\/p>\n\n\n\n<p>Das FFH-Gebiet entspricht weitestgehend dem gleichnamigen Naturschutzgebiet (NSG). und beinhaltet viele Waldfl\u00e4chen auf denen der LRT 9180 (Schlucht und Hangmischw\u00e4lder) stockt.<\/p>\n\n\n\n<div class=\"wp-block-columns is-layout-flex wp-container-core-columns-layout-1 wp-block-columns-is-layout-flex\">\n<div class=\"wp-block-column is-layout-flow wp-block-column-is-layout-flow\">\n<p><strong>Ziel-LRT (Anhang I FFH-RL):<\/strong><\/p>\n<\/div>\n\n\n\n<div class=\"wp-block-column is-layout-flow wp-block-column-is-layout-flow\">\n<p>6240 Subpannonische Steppen-Trockenrasen<\/p>\n\n\n\n<p>9180 Schlucht- und Hangmischw\u00e4lder Tilio-Acerion<strong><\/strong><\/p>\n<\/div>\n<\/div>\n\n\n\n<div class=\"wp-block-columns is-layout-flex wp-container-core-columns-layout-2 wp-block-columns-is-layout-flex\">\n<div class=\"wp-block-column is-layout-flow wp-block-column-is-layout-flow\"><\/div>\n\n\n\n<div class=\"wp-block-column is-layout-flow wp-block-column-is-layout-flow\"><\/div>\n<\/div>\n","protected":false},"excerpt":{"rendered":"<p>EU-Nr.:&nbsp;DE 3553-306Landesnr.:&nbsp;578Landkreis:&nbsp;M\u00e4rkisch-OderlandGebietsgr\u00f6\u00dfe: 126 ha Gebietscharakteristik Das FFH-Gebiet entspricht weitestgehend dem gleichnamigen Naturschutzgebiet (NSG). und beinhaltet viele Waldfl\u00e4chen auf denen der LRT 9180 (Schlucht und Hangmischw\u00e4lder) stockt. Ziel-LRT (Anhang I FFH-RL): 6240 Subpannonische Steppen-Trockenrasen 9180 Schlucht- und Hangmischw\u00e4lder Tilio-Acerion<\/p>\n","protected":false},"author":1,"featured_media":0,"parent":0,"menu_order":0,"comment_status":"closed","ping_status":"closed","template":"","meta":{"footnotes":""},"yoast_head":"<!-- This site is optimized with the Yoast SEO plugin v21.9.1 - https:\/\/yoast.com\/wordpress\/plugins\/seo\/ -->\n<title>Reitweiner Sporn und Priesterschlucht, M\u00fchlen- und Zeisigberg - ZAN-bb<\/title>\n<meta name=\"robots\" content=\"index, follow, max-snippet:-1, max-image-preview:large, max-video-preview:-1\" \/>\n<link rel=\"canonical\" href=\"https:\/\/zan-bb.de\/?page_id=708\" \/>\n<meta property=\"og:locale\" content=\"de_DE\" \/>\n<meta property=\"og:type\" content=\"article\" \/>\n<meta property=\"og:title\" content=\"Reitweiner Sporn und Priesterschlucht, M\u00fchlen- und Zeisigberg - ZAN-bb\" \/>\n<meta property=\"og:description\" content=\"EU-Nr.:&nbsp;DE 3553-306Landesnr.:&nbsp;578Landkreis:&nbsp;M\u00e4rkisch-OderlandGebietsgr\u00f6\u00dfe: 126 ha Gebietscharakteristik Das FFH-Gebiet entspricht weitestgehend dem gleichnamigen Naturschutzgebiet (NSG). und beinhaltet viele Waldfl\u00e4chen auf denen der LRT 9180 (Schlucht und Hangmischw\u00e4lder) stockt. Ziel-LRT (Anhang I FFH-RL): 6240 Subpannonische Steppen-Trockenrasen 9180 Schlucht- und Hangmischw\u00e4lder Tilio-Acerion\" \/>\n<meta property=\"og:url\" content=\"https:\/\/zan-bb.de\/?page_id=708\" \/>\n<meta property=\"og:site_name\" content=\"ZAN-bb\" \/>\n<meta property=\"article:modified_time\" content=\"2023-12-13T10:26:22+00:00\" \/>\n<meta name=\"twitter:card\" content=\"summary_large_image\" \/>\n<meta name=\"twitter:label1\" content=\"Gesch\u00e4tzte Lesezeit\" \/>\n\t<meta name=\"twitter:data1\" content=\"1\u00a0Minute\" \/>\n<script type=\"application\/ld+json\" class=\"yoast-schema-graph\">{\"@context\":\"https:\/\/schema.org\",\"@graph\":[{\"@type\":\"WebPage\",\"@id\":\"https:\/\/zan-bb.de\/?page_id=708\",\"url\":\"https:\/\/zan-bb.de\/?page_id=708\",\"name\":\"Reitweiner Sporn und Priesterschlucht, M\u00fchlen- und Zeisigberg - ZAN-bb\",\"isPartOf\":{\"@id\":\"https:\/\/zan-bb.de\/#website\"},\"datePublished\":\"2023-12-11T11:04:10+00:00\",\"dateModified\":\"2023-12-13T10:26:22+00:00\",\"breadcrumb\":{\"@id\":\"https:\/\/zan-bb.de\/?page_id=708#breadcrumb\"},\"inLanguage\":\"de\",\"potentialAction\":[{\"@type\":\"ReadAction\",\"target\":[\"https:\/\/zan-bb.de\/?page_id=708\"]}]},{\"@type\":\"BreadcrumbList\",\"@id\":\"https:\/\/zan-bb.de\/?page_id=708#breadcrumb\",\"itemListElement\":[{\"@type\":\"ListItem\",\"position\":1,\"name\":\"Startseite\",\"item\":\"https:\/\/zan-bb.de\/\"},{\"@type\":\"ListItem\",\"position\":2,\"name\":\"Reitweiner Sporn und Priesterschlucht, M\u00fchlen- und Zeisigberg\"}]},{\"@type\":\"WebSite\",\"@id\":\"https:\/\/zan-bb.de\/#website\",\"url\":\"https:\/\/zan-bb.de\/\",\"name\":\"ZAN-bb\",\"description\":\"Zentrum angewandter Naturschutz in Brandenburg gGmbH\",\"publisher\":{\"@id\":\"https:\/\/zan-bb.de\/#organization\"},\"potentialAction\":[{\"@type\":\"SearchAction\",\"target\":{\"@type\":\"EntryPoint\",\"urlTemplate\":\"https:\/\/zan-bb.de\/?s={search_term_string}\"},\"query-input\":\"required name=search_term_string\"}],\"inLanguage\":\"de\"},{\"@type\":\"Organization\",\"@id\":\"https:\/\/zan-bb.de\/#organization\",\"name\":\"ZAN-bb\",\"url\":\"https:\/\/zan-bb.de\/\",\"logo\":{\"@type\":\"ImageObject\",\"inLanguage\":\"de\",\"@id\":\"https:\/\/zan-bb.de\/#\/schema\/logo\/image\/\",\"url\":\"https:\/\/zan-bb.de\/wp-content\/uploads\/2020\/05\/cropped-ZAN-logo-trans.png\",\"contentUrl\":\"https:\/\/zan-bb.de\/wp-content\/uploads\/2020\/05\/cropped-ZAN-logo-trans.png\",\"width\":250,\"height\":250,\"caption\":\"ZAN-bb\"},\"image\":{\"@id\":\"https:\/\/zan-bb.de\/#\/schema\/logo\/image\/\"}}]}<\/script>\n<!-- \/ Yoast SEO plugin. -->","yoast_head_json":{"title":"Reitweiner Sporn und Priesterschlucht, M\u00fchlen- und Zeisigberg - ZAN-bb","robots":{"index":"index","follow":"follow","max-snippet":"max-snippet:-1","max-image-preview":"max-image-preview:large","max-video-preview":"max-video-preview:-1"},"canonical":"https:\/\/zan-bb.de\/?page_id=708","og_locale":"de_DE","og_type":"article","og_title":"Reitweiner Sporn und Priesterschlucht, M\u00fchlen- und Zeisigberg - ZAN-bb","og_description":"EU-Nr.:&nbsp;DE 3553-306Landesnr.:&nbsp;578Landkreis:&nbsp;M\u00e4rkisch-OderlandGebietsgr\u00f6\u00dfe: 126 ha Gebietscharakteristik Das FFH-Gebiet entspricht weitestgehend dem gleichnamigen Naturschutzgebiet (NSG). und beinhaltet viele Waldfl\u00e4chen auf denen der LRT 9180 (Schlucht und Hangmischw\u00e4lder) stockt. Ziel-LRT (Anhang I FFH-RL): 6240 Subpannonische Steppen-Trockenrasen 9180 Schlucht- und Hangmischw\u00e4lder Tilio-Acerion","og_url":"https:\/\/zan-bb.de\/?page_id=708","og_site_name":"ZAN-bb","article_modified_time":"2023-12-13T10:26:22+00:00","twitter_card":"summary_large_image","twitter_misc":{"Gesch\u00e4tzte Lesezeit":"1\u00a0Minute"},"schema":{"@context":"https:\/\/schema.org","@graph":[{"@type":"WebPage","@id":"https:\/\/zan-bb.de\/?page_id=708","url":"https:\/\/zan-bb.de\/?page_id=708","name":"Reitweiner Sporn und Priesterschlucht, M\u00fchlen- und Zeisigberg - ZAN-bb","isPartOf":{"@id":"https:\/\/zan-bb.de\/#website"},"datePublished":"2023-12-11T11:04:10+00:00","dateModified":"2023-12-13T10:26:22+00:00","breadcrumb":{"@id":"https:\/\/zan-bb.de\/?page_id=708#breadcrumb"},"inLanguage":"de","potentialAction":[{"@type":"ReadAction","target":["https:\/\/zan-bb.de\/?page_id=708"]}]},{"@type":"BreadcrumbList","@id":"https:\/\/zan-bb.de\/?page_id=708#breadcrumb","itemListElement":[{"@type":"ListItem","position":1,"name":"Startseite","item":"https:\/\/zan-bb.de\/"},{"@type":"ListItem","position":2,"name":"Reitweiner Sporn und Priesterschlucht, M\u00fchlen- und Zeisigberg"}]},{"@type":"WebSite","@id":"https:\/\/zan-bb.de\/#website","url":"https:\/\/zan-bb.de\/","name":"ZAN-bb","description":"Zentrum angewandter Naturschutz in Brandenburg gGmbH","publisher":{"@id":"https:\/\/zan-bb.de\/#organization"},"potentialAction":[{"@type":"SearchAction","target":{"@type":"EntryPoint","urlTemplate":"https:\/\/zan-bb.de\/?s={search_term_string}"},"query-input":"required name=search_term_string"}],"inLanguage":"de"},{"@type":"Organization","@id":"https:\/\/zan-bb.de\/#organization","name":"ZAN-bb","url":"https:\/\/zan-bb.de\/","logo":{"@type":"ImageObject","inLanguage":"de","@id":"https:\/\/zan-bb.de\/#\/schema\/logo\/image\/","url":"https:\/\/zan-bb.de\/wp-content\/uploads\/2020\/05\/cropped-ZAN-logo-trans.png","contentUrl":"https:\/\/zan-bb.de\/wp-content\/uploads\/2020\/05\/cropped-ZAN-logo-trans.png","width":250,"height":250,"caption":"ZAN-bb"},"image":{"@id":"https:\/\/zan-bb.de\/#\/schema\/logo\/image\/"}}]}},"_links":{"self":[{"href":"https:\/\/zan-bb.de\/index.php?rest_route=\/wp\/v2\/pages\/708"}],"collection":[{"href":"https:\/\/zan-bb.de\/index.php?rest_route=\/wp\/v2\/pages"}],"about":[{"href":"https:\/\/zan-bb.de\/index.php?rest_route=\/wp\/v2\/types\/page"}],"author":[{"embeddable":true,"href":"https:\/\/zan-bb.de\/index.php?rest_route=\/wp\/v2\/users\/1"}],"replies":[{"embeddable":true,"href":"https:\/\/zan-bb.de\/index.php?rest_route=%2Fwp%2Fv2%2Fcomments&post=708"}],"version-history":[{"count":8,"href":"https:\/\/zan-bb.de\/index.php?rest_route=\/wp\/v2\/pages\/708\/revisions"}],"predecessor-version":[{"id":906,"href":"https:\/\/zan-bb.de\/index.php?rest_route=\/wp\/v2\/pages\/708\/revisions\/906"}],"wp:attachment":[{"href":"https:\/\/zan-bb.de\/index.php?rest_route=%2Fwp%2Fv2%2Fmedia&parent=708"}],"curies":[{"name":"wp","href":"https:\/\/api.w.org\/{rel}","templated":true}]}}